Last updated on 2024-05-09 15:49:11 CEST.
Flavor | Version | Tinstall | Tcheck | Ttotal | Status | Flags |
---|---|---|---|---|---|---|
r-devel-linux-x86_64-debian-clang | 2.0.5 | 14.93 | 127.65 | 142.58 | OK | |
r-devel-linux-x86_64-debian-gcc | 2.0.5 | 12.70 | 94.28 | 106.98 | OK | |
r-devel-linux-x86_64-fedora-clang | 2.0.5 | 174.08 | NOTE | |||
r-devel-linux-x86_64-fedora-gcc | 2.0.5 | 173.77 | OK | |||
r-devel-windows-x86_64 | 2.0.5 | 13.00 | 112.00 | 125.00 | NOTE | |
r-patched-linux-x86_64 | 2.0.5 | 11.48 | 121.68 | 133.16 | OK | |
r-release-linux-x86_64 | 2.0.5 | 9.96 | 120.00 | 129.96 | OK | |
r-release-macos-arm64 | 2.0.5 | 48.00 | NOTE | |||
r-release-windows-x86_64 | 2.0.5 | 14.00 | 116.00 | 130.00 | NOTE | |
r-oldrel-macos-arm64 | 2.0.5 | 52.00 | NOTE | |||
r-oldrel-macos-x86_64 | 2.0.5 | 91.00 | NOTE | |||
r-oldrel-windows-x86_64 | 2.0.5 | 17.00 | 136.00 | 153.00 | NOTE |
Version: 2.0.5
Check: installed package size
Result: NOTE
installed size is 5.4Mb
sub-directories of 1Mb or more:
data 5.1Mb
Flavors: r-devel-linux-x86_64-fedora-clang, r-devel-windows-x86_64, r-release-macos-arm64, r-release-windows-x86_64, r-oldrel-macos-arm64, r-oldrel-macos-x86_64, r-oldrel-windows-x86_64