Last updated on 2024-05-19 15:50:40 CEST.
Flavor | Version | Tinstall | Tcheck | Ttotal | Status | Flags |
---|---|---|---|---|---|---|
r-devel-linux-x86_64-debian-clang | 1.22.1-2 | 4.41 | 17.13 | 21.54 | OK | |
r-devel-linux-x86_64-debian-gcc | 1.22.1-2 | 2.00 | 13.57 | 15.57 | OK | |
r-devel-linux-x86_64-fedora-clang | 1.22.1-2 | 24.94 | NOTE | |||
r-devel-linux-x86_64-fedora-gcc | 1.22.1-2 | 25.28 | OK | |||
r-devel-windows-x86_64 | 1.22.1-2 | 6.00 | 37.00 | 43.00 | NOTE | |
r-patched-linux-x86_64 | 1.22.1-2 | 4.36 | 17.09 | 21.45 | OK | |
r-release-linux-x86_64 | 1.22.1-2 | 3.71 | 16.40 | 20.11 | OK | |
r-release-macos-arm64 | 1.22.1-2 | 15.00 | NOTE | |||
r-release-windows-x86_64 | 1.22.1-2 | 7.00 | 38.00 | 45.00 | NOTE | |
r-oldrel-macos-arm64 | 1.22.1-2 | 17.00 | NOTE | |||
r-oldrel-macos-x86_64 | 1.22.1-2 | 20.00 | NOTE | |||
r-oldrel-windows-x86_64 | 1.22.1-2 | 7.00 | 35.00 | 42.00 | NOTE |
Version: 1.22.1-2
Check: installed package size
Result: NOTE
installed size is 6.6Mb
sub-directories of 1Mb or more:
include 6.5Mb
Flavors: r-devel-linux-x86_64-fedora-clang, r-devel-windows-x86_64, r-release-macos-arm64, r-release-windows-x86_64, r-oldrel-macos-arm64, r-oldrel-macos-x86_64, r-oldrel-windows-x86_64