Last updated on 2024-05-07 15:48:19 CEST.
Flavor | Version | Tinstall | Tcheck | Ttotal | Status | Flags |
---|---|---|---|---|---|---|
r-devel-linux-x86_64-debian-clang | 1.84.0-0 | 52.96 | 46.71 | 99.67 | OK | |
r-devel-linux-x86_64-debian-gcc | 1.84.0-0 | 19.90 | 35.30 | 55.20 | OK | |
r-devel-linux-x86_64-fedora-clang | 1.84.0-0 | 65.81 | NOTE | |||
r-devel-linux-x86_64-fedora-gcc | 1.84.0-0 | 66.73 | OK | |||
r-devel-windows-x86_64 | 1.84.0-0 | 71.00 | 57.00 | 128.00 | NOTE | |
r-patched-linux-x86_64 | 1.84.0-0 | 33.00 | 45.25 | 78.25 | OK | |
r-release-linux-x86_64 | 1.84.0-0 | 51.48 | 44.99 | 96.47 | OK | |
r-release-macos-arm64 | 1.84.0-0 | 60.00 | NOTE | |||
r-release-windows-x86_64 | 1.84.0-0 | 72.00 | 56.00 | 128.00 | NOTE | |
r-oldrel-macos-arm64 | 1.84.0-0 | 69.00 | NOTE | |||
r-oldrel-macos-x86_64 | 1.84.0-0 | 166.00 | NOTE | |||
r-oldrel-windows-x86_64 | 1.84.0-0 | 82.00 | 60.00 | 142.00 | NOTE |
Version: 1.84.0-0
Check: installed package size
Result: NOTE
installed size is 153.3Mb
sub-directories of 1Mb or more:
include 153.2Mb
Flavors: r-devel-linux-x86_64-fedora-clang, r-devel-windows-x86_64, r-release-macos-arm64, r-release-windows-x86_64, r-oldrel-macos-arm64, r-oldrel-macos-x86_64, r-oldrel-windows-x86_64