Last updated on 2024-05-13 03:49:25 CEST.
Flavor | Version | Tinstall | Tcheck | Ttotal | Status | Flags |
---|---|---|---|---|---|---|
r-devel-linux-x86_64-debian-clang | 1.0.5 | 50.08 | 167.96 | 218.04 | NOTE | |
r-devel-linux-x86_64-debian-gcc | 1.0.5 | 38.56 | 124.08 | 162.64 | NOTE | |
r-devel-linux-x86_64-fedora-clang | 1.0.5 | 285.02 | NOTE | |||
r-devel-linux-x86_64-fedora-gcc | 1.0.5 | 290.12 | NOTE | |||
r-devel-windows-x86_64 | 1.0.5 | 41.00 | 169.00 | 210.00 | NOTE | |
r-patched-linux-x86_64 | 1.0.5 | 52.60 | 162.56 | 215.16 | NOTE | |
r-release-linux-x86_64 | 1.0.5 | 45.97 | 163.09 | 209.06 | NOTE | |
r-release-macos-arm64 | 1.0.5 | 87.00 | NOTE | |||
r-release-windows-x86_64 | 1.0.5 | 41.00 | 167.00 | 208.00 | NOTE | |
r-oldrel-macos-arm64 | 1.0.5 | 91.00 | NOTE | |||
r-oldrel-macos-x86_64 | 1.0.5 | 141.00 | NOTE | |||
r-oldrel-windows-x86_64 | 1.0.5 | 53.00 | 260.00 | 313.00 | NOTE |
Version: 1.0.5
Check: C++ specification
Result: NOTE
Specified C++11: please drop specification unless essential
Flavors: r-devel-linux-x86_64-debian-clang, r-devel-linux-x86_64-debian-gcc, r-devel-linux-x86_64-fedora-clang, r-devel-linux-x86_64-fedora-gcc, r-devel-windows-x86_64, r-patched-linux-x86_64, r-release-linux-x86_64, r-release-macos-arm64, r-release-windows-x86_64, r-oldrel-macos-arm64, r-oldrel-macos-x86_64, r-oldrel-windows-x86_64
Version: 1.0.5
Check: for GNU extensions in Makefiles
Result: NOTE
GNU make is a SystemRequirements.
Flavors: r-devel-linux-x86_64-debian-clang, r-devel-linux-x86_64-debian-gcc, r-devel-linux-x86_64-fedora-clang, r-devel-linux-x86_64-fedora-gcc, r-devel-windows-x86_64, r-patched-linux-x86_64, r-release-linux-x86_64, r-release-macos-arm64, r-release-windows-x86_64, r-oldrel-macos-arm64, r-oldrel-macos-x86_64, r-oldrel-windows-x86_64