Last updated on 2024-05-11 15:48:59 CEST.
Flavor | Version | Tinstall | Tcheck | Ttotal | Status | Flags |
---|---|---|---|---|---|---|
r-devel-linux-x86_64-debian-clang | 1.0.1 | 20.33 | 188.40 | 208.73 | NOTE | |
r-devel-linux-x86_64-debian-gcc | 1.0.1 | 16.66 | 135.54 | 152.20 | NOTE | |
r-devel-linux-x86_64-fedora-clang | 1.0.1 | 271.76 | NOTE | |||
r-devel-linux-x86_64-fedora-gcc | 1.0.1 | 314.39 | NOTE | |||
r-devel-windows-x86_64 | 1.0.1 | 16.00 | 160.00 | 176.00 | NOTE | |
r-patched-linux-x86_64 | 1.0.1 | 20.91 | 176.54 | 197.45 | NOTE | |
r-release-linux-x86_64 | 1.0.1 | 14.88 | 179.94 | 194.82 | NOTE | |
r-release-macos-arm64 | 1.0.1 | 74.00 | NOTE | |||
r-release-windows-x86_64 | 1.0.1 | 16.00 | 180.00 | 196.00 | NOTE | |
r-oldrel-macos-arm64 | 1.0.1 | 84.00 | OK | |||
r-oldrel-macos-x86_64 | 1.0.1 | 141.00 | OK | |||
r-oldrel-windows-x86_64 | 1.0.1 | 23.00 | 184.00 | 207.00 | OK |
Version: 1.0.1
Check: Rd files
Result: NOTE
checkRd: (-1) bma.bx.cy.Rd:69: Lost braces
69 | the initial values for parameters in models. For example, inits<-function(){list(alpha=0,beta=0,c=0,var1=0.5,r=1,lamda=0.01)}.
| ^
Flavors: r-devel-linux-x86_64-debian-clang, r-devel-linux-x86_64-debian-gcc, r-devel-linux-x86_64-fedora-clang, r-devel-linux-x86_64-fedora-gcc, r-devel-windows-x86_64, r-patched-linux-x86_64, r-release-linux-x86_64, r-release-macos-arm64, r-release-windows-x86_64