Last updated on 2024-05-13 03:49:26 CEST.
Flavor | Version | Tinstall | Tcheck | Ttotal | Status | Flags |
---|---|---|---|---|---|---|
r-devel-linux-x86_64-debian-clang | 2.1.3 | 264.88 | 90.36 | 355.24 | OK | |
r-devel-linux-x86_64-debian-gcc | 2.1.3 | 235.13 | 70.92 | 306.05 | OK | |
r-devel-linux-x86_64-fedora-clang | 2.1.3 | 482.70 | OK | |||
r-devel-linux-x86_64-fedora-gcc | 2.1.3 | 594.13 | OK | |||
r-devel-windows-x86_64 | 2.1.3 | 214.00 | 123.00 | 337.00 | OK | |
r-patched-linux-x86_64 | 2.1.3 | 217.17 | 91.94 | 309.11 | OK | |
r-release-linux-x86_64 | 2.1.3 | 217.68 | 91.92 | 309.60 | OK | |
r-release-macos-arm64 | 2.1.3 | 109.00 | NOTE | |||
r-release-macos-x86_64 | 2.1.3 | 149.00 | NOTE | |||
r-release-windows-x86_64 | 2.1.3 | 208.00 | 122.00 | 330.00 | OK | |
r-oldrel-macos-arm64 | 2.1.3 | 114.00 | NOTE | |||
r-oldrel-macos-x86_64 | 2.1.3 | 125.00 | NOTE | |||
r-oldrel-windows-x86_64 | 2.1.3 | 269.00 | 147.00 | 416.00 | OK |
Version: 2.1.3
Check: installed package size
Result: NOTE
installed size is 22.9Mb
sub-directories of 1Mb or more:
libs 22.7Mb
Flavors: r-release-macos-arm64, r-release-macos-x86_64, r-oldrel-macos-arm64, r-oldrel-macos-x86_64