Last updated on 2024-05-13 03:49:26 CEST.
Flavor | Version | Tinstall | Tcheck | Ttotal | Status | Flags |
---|---|---|---|---|---|---|
r-devel-linux-x86_64-debian-clang | 1.3 | 7.20 | 58.11 | 65.31 | NOTE | |
r-devel-linux-x86_64-debian-gcc | 1.3 | 4.50 | 42.76 | 47.26 | NOTE | |
r-devel-linux-x86_64-fedora-clang | 1.3 | 84.85 | NOTE | |||
r-devel-linux-x86_64-fedora-gcc | 1.3 | 76.00 | NOTE | |||
r-devel-windows-x86_64 | 1.3 | 6.00 | 60.00 | 66.00 | NOTE | |
r-patched-linux-x86_64 | 1.3 | 5.93 | 54.35 | 60.28 | NOTE | |
r-release-linux-x86_64 | 1.3 | 7.24 | 53.37 | 60.61 | NOTE | |
r-release-macos-arm64 | 1.3 | 27.00 | NOTE | |||
r-release-windows-x86_64 | 1.3 | 7.00 | 60.00 | 67.00 | NOTE | |
r-oldrel-macos-arm64 | 1.3 | 29.00 | NOTE | |||
r-oldrel-macos-x86_64 | 1.3 | 41.00 | NOTE | |||
r-oldrel-windows-x86_64 | 1.3 | 9.00 | 67.00 | 76.00 | NOTE |
Version: 1.3
Check: LazyData
Result: NOTE
'LazyData' is specified without a 'data' directory
Flavors: r-devel-linux-x86_64-debian-clang, r-devel-linux-x86_64-debian-gcc, r-devel-linux-x86_64-fedora-clang, r-devel-linux-x86_64-fedora-gcc, r-devel-windows-x86_64, r-patched-linux-x86_64, r-release-linux-x86_64, r-release-macos-arm64, r-release-windows-x86_64, r-oldrel-macos-arm64, r-oldrel-macos-x86_64, r-oldrel-windows-x86_64