Last updated on 2024-05-02 15:50:57 CEST.
Flavor | Version | Tinstall | Tcheck | Ttotal | Status | Flags |
---|---|---|---|---|---|---|
r-devel-linux-x86_64-debian-clang | 6.8 | 48.99 | 480.43 | 529.42 | OK | |
r-devel-linux-x86_64-debian-gcc | 6.8 | 45.70 | 336.26 | 381.96 | OK | |
r-devel-linux-x86_64-fedora-clang | 6.8 | 697.64 | NOTE | |||
r-devel-linux-x86_64-fedora-gcc | 6.8 | 659.69 | OK | |||
r-devel-windows-x86_64 | 6.8 | 36.00 | 376.00 | 412.00 | OK | |
r-patched-linux-x86_64 | 6.8 | 45.08 | 445.19 | 490.27 | OK | |
r-release-linux-x86_64 | 6.8 | 32.68 | 457.13 | 489.81 | OK | |
r-release-macos-arm64 | 6.8 | 162.00 | OK | |||
r-release-macos-x86_64 | 6.8 | 355.00 | OK | |||
r-release-windows-x86_64 | 6.8 | 43.00 | 366.00 | 409.00 | OK | |
r-oldrel-macos-arm64 | 6.8 | 149.00 | OK | |||
r-oldrel-macos-x86_64 | 6.8 | 366.00 | OK | |||
r-oldrel-windows-x86_64 | 6.8 | 54.00 | 502.00 | 556.00 | OK |
Version: 6.8
Check: package dependencies
Result: NOTE
Imports includes 21 non-default packages.
Importing from so many packages makes the package vulnerable to any of
them becoming unavailable. Move as many as possible to Suggests and
use conditionally.
Flavor: r-devel-linux-x86_64-fedora-clang