Last updated on 2024-05-19 15:50:46 CEST.
Flavor | Version | Tinstall | Tcheck | Ttotal | Status | Flags |
---|---|---|---|---|---|---|
r-devel-linux-x86_64-debian-clang | 1.3.0 | 5.10 | 53.24 | 58.34 | NOTE | |
r-devel-linux-x86_64-debian-gcc | 1.3.0 | 3.51 | 37.67 | 41.18 | NOTE | |
r-devel-linux-x86_64-fedora-clang | 1.3.0 | 70.91 | NOTE | |||
r-devel-linux-x86_64-fedora-gcc | 1.3.0 | 68.81 | NOTE | |||
r-devel-windows-x86_64 | 1.3.0 | 7.00 | 58.00 | 65.00 | NOTE | |
r-patched-linux-x86_64 | 1.3.0 | 5.48 | 51.48 | 56.96 | NOTE | |
r-release-linux-x86_64 | 1.3.0 | 3.66 | 48.70 | 52.36 | NOTE | |
r-release-macos-arm64 | 1.3.0 | 22.00 | NOTE | |||
r-release-windows-x86_64 | 1.3.0 | 7.00 | 58.00 | 65.00 | NOTE | |
r-oldrel-macos-arm64 | 1.3.0 | 24.00 | OK | |||
r-oldrel-macos-x86_64 | 1.3.0 | 37.00 | OK | |||
r-oldrel-windows-x86_64 | 1.3.0 | 7.00 | 66.00 | 73.00 | OK |
Version: 1.3.0
Check: Rd files
Result: NOTE
checkRd: (-1) DIME.Rd:272: Lost braces; missing escapes or markup?
272 | \item{name}{the name of the model {"GNG", "iNUDGE","NUDGE"} where
| ^
Flavors: r-devel-linux-x86_64-debian-clang, r-devel-linux-x86_64-debian-gcc, r-devel-linux-x86_64-fedora-clang, r-devel-linux-x86_64-fedora-gcc, r-devel-windows-x86_64, r-patched-linux-x86_64, r-release-linux-x86_64, r-release-macos-arm64, r-release-windows-x86_64