Last updated on 2024-05-11 03:51:50 CEST.
Flavor | Version | Tinstall | Tcheck | Ttotal | Status | Flags |
---|---|---|---|---|---|---|
r-devel-linux-x86_64-debian-clang | 0.0.3 | 12.39 | 61.64 | 74.03 | OK | |
r-devel-linux-x86_64-debian-gcc | 0.0.3 | 10.08 | 46.14 | 56.22 | OK | |
r-devel-linux-x86_64-fedora-clang | 0.0.3 | 93.24 | NOTE | |||
r-devel-linux-x86_64-fedora-gcc | 0.0.3 | 88.66 | NOTE | |||
r-devel-windows-x86_64 | 0.0.3 | 13.00 | 63.00 | 76.00 | OK | |
r-patched-linux-x86_64 | 0.0.3 | 17.94 | 59.23 | 77.17 | OK | |
r-release-linux-x86_64 | 0.0.3 | 10.53 | 58.14 | 68.67 | OK | |
r-release-macos-arm64 | 0.0.3 | 30.00 | OK | |||
r-release-windows-x86_64 | 0.0.3 | 14.00 | 64.00 | 78.00 | OK | |
r-oldrel-macos-arm64 | 0.0.3 | 40.00 | OK | |||
r-oldrel-macos-x86_64 | 0.0.3 | 63.00 | OK | |||
r-oldrel-windows-x86_64 | 0.0.3 | 17.00 | 73.00 | 90.00 | OK |
Version: 0.0.3
Check: data for non-ASCII characters
Result: NOTE
Note: found 136358 marked UTF-8 strings
Flavors: r-devel-linux-x86_64-fedora-clang, r-devel-linux-x86_64-fedora-gcc