Last updated on 2024-05-09 15:49:17 CEST.
Flavor | Version | Tinstall | Tcheck | Ttotal | Status | Flags |
---|---|---|---|---|---|---|
r-devel-linux-x86_64-debian-clang | 2.4-2 | 5.91 | 85.57 | 91.48 | OK | |
r-devel-linux-x86_64-debian-gcc | 2.4-2 | 5.42 | 65.00 | 70.42 | OK | |
r-devel-linux-x86_64-fedora-clang | 2.4-2 | 120.99 | NOTE | |||
r-devel-linux-x86_64-fedora-gcc | 2.4-2 | 128.56 | NOTE | |||
r-devel-windows-x86_64 | 2.4-2 | 8.00 | 137.00 | 145.00 | OK | |
r-patched-linux-x86_64 | 2.4-2 | 6.68 | 83.72 | 90.40 | OK | |
r-release-linux-x86_64 | 2.4-2 | 7.15 | 83.49 | 90.64 | OK | |
r-release-macos-arm64 | 2.4-2 | 40.00 | OK | |||
r-release-windows-x86_64 | 2.4-2 | 8.00 | 138.00 | 146.00 | OK | |
r-oldrel-macos-arm64 | 2.4-2 | 43.00 | OK | |||
r-oldrel-macos-x86_64 | 2.4-2 | 61.00 | OK | |||
r-oldrel-windows-x86_64 | 2.4-2 | 8.00 | 126.00 | 134.00 | OK |
Version: 2.4-2
Check: dependencies in R code
Result: NOTE
Namespace in Imports field not imported from: ‘tibble’
All declared Imports should be used.
Flavors: r-devel-linux-x86_64-fedora-clang, r-devel-linux-x86_64-fedora-gcc