Last updated on 2024-05-02 15:51:00 CEST.
Flavor | Version | Tinstall | Tcheck | Ttotal | Status | Flags |
---|---|---|---|---|---|---|
r-devel-linux-x86_64-debian-clang | 0.0.9 | 27.00 | 26.48 | 53.48 | OK | |
r-devel-linux-x86_64-debian-gcc | 0.0.9 | 31.34 | 22.39 | 53.73 | OK | |
r-devel-linux-x86_64-fedora-clang | 0.0.9 | 72.99 | OK | |||
r-devel-linux-x86_64-fedora-gcc | 0.0.9 | 89.83 | OK | |||
r-devel-windows-x86_64 | 0.0.9 | 24.00 | 49.00 | 73.00 | OK | |
r-patched-linux-x86_64 | 0.0.9 | 40.59 | 27.03 | 67.62 | OK | |
r-release-linux-x86_64 | 0.0.9 | 33.10 | 28.40 | 61.50 | OK | |
r-release-macos-arm64 | 0.0.9 | 29.00 | NOTE | |||
r-release-macos-x86_64 | 0.0.9 | 57.00 | NOTE | |||
r-release-windows-x86_64 | 0.0.9 | 27.00 | 49.00 | 76.00 | OK | |
r-oldrel-macos-arm64 | 0.0.9 | 33.00 | NOTE | |||
r-oldrel-macos-x86_64 | 0.0.9 | 61.00 | NOTE | |||
r-oldrel-windows-x86_64 | 0.0.9 | 32.00 | 69.00 | 101.00 | OK |
Version: 0.0.9
Check: installed package size
Result: NOTE
installed size is 14.5Mb
sub-directories of 1Mb or more:
libs 14.4Mb
Flavors: r-release-macos-arm64, r-release-macos-x86_64, r-oldrel-macos-arm64, r-oldrel-macos-x86_64