Last updated on 2024-05-04 03:50:20 CEST.
Flavor | Version | Tinstall | Tcheck | Ttotal | Status | Flags |
---|---|---|---|---|---|---|
r-devel-linux-x86_64-debian-clang | 1.2.6 | 5.63 | 61.36 | 66.99 | OK | |
r-devel-linux-x86_64-fedora-clang | 1.2.6 | 82.39 | NOTE | |||
r-devel-linux-x86_64-fedora-gcc | 1.2.6 | 80.16 | OK | |||
r-devel-windows-x86_64 | 1.2.6 | 6.00 | 71.00 | 77.00 | OK | |
r-patched-linux-x86_64 | 1.2.6 | 5.86 | 55.10 | 60.96 | OK | |
r-release-linux-x86_64 | 1.2.6 | 4.74 | 58.19 | 62.93 | OK | |
r-release-macos-arm64 | 1.2.6 | 26.00 | OK | |||
r-release-windows-x86_64 | 1.2.6 | 7.00 | 72.00 | 79.00 | OK | |
r-oldrel-macos-arm64 | 1.2.6 | 26.00 | OK | |||
r-oldrel-macos-x86_64 | 1.2.6 | 48.00 | OK | |||
r-oldrel-windows-x86_64 | 1.2.6 | 9.00 | 76.00 | 85.00 | OK |
Version: 1.2.6
Check: Rd cross-references
Result: NOTE
Undeclared package ‘Kendall’ in Rd xrefs
Flavor: r-devel-linux-x86_64-fedora-clang