Last updated on 2024-05-02 04:00:20 CEST.
Flavor | Version | Tinstall | Tcheck | Ttotal | Status | Flags |
---|---|---|---|---|---|---|
r-devel-linux-x86_64-debian-clang | 1.0.6-1 | 34.83 | 59.35 | 94.18 | NOTE | |
r-devel-linux-x86_64-debian-gcc | 1.0.6-1 | 27.68 | 44.62 | 72.30 | NOTE | |
r-devel-linux-x86_64-fedora-clang | 1.0.6-1 | 128.48 | NOTE | |||
r-devel-linux-x86_64-fedora-gcc | 1.0.6-1 | 120.81 | NOTE | |||
r-devel-windows-x86_64 | 1.0.6-1 | 29.00 | 87.00 | 116.00 | NOTE | |
r-patched-linux-x86_64 | 1.0.6-1 | 35.20 | 56.74 | 91.94 | NOTE | |
r-release-linux-x86_64 | 1.0.6-1 | 35.91 | 55.27 | 91.18 | NOTE | |
r-release-macos-arm64 | 1.0.6-1 | 41.00 | NOTE | |||
r-release-windows-x86_64 | 1.0.6-1 | 31.00 | 92.00 | 123.00 | NOTE | |
r-oldrel-macos-arm64 | 1.0.6-1 | 40.00 | NOTE | |||
r-oldrel-macos-x86_64 | 1.0.6-1 | 60.00 | NOTE | |||
r-oldrel-windows-x86_64 | 1.0.6-1 | 38.00 | 100.00 | 138.00 | NOTE |
Version: 1.0.6-1
Check: C++ specification
Result: NOTE
Specified C++11: please drop specification unless essential
Flavors: r-devel-linux-x86_64-debian-clang, r-devel-linux-x86_64-debian-gcc, r-devel-linux-x86_64-fedora-clang, r-devel-linux-x86_64-fedora-gcc, r-devel-windows-x86_64, r-patched-linux-x86_64, r-release-linux-x86_64, r-release-macos-arm64, r-release-windows-x86_64, r-oldrel-macos-arm64, r-oldrel-macos-x86_64, r-oldrel-windows-x86_64
Version: 1.0.6-1
Check: installed package size
Result: NOTE
installed size is 5.3Mb
sub-directories of 1Mb or more:
shiny 4.3Mb
Flavors: r-devel-windows-x86_64, r-release-macos-arm64, r-release-windows-x86_64, r-oldrel-macos-arm64, r-oldrel-macos-x86_64, r-oldrel-windows-x86_64