Last updated on 2024-05-21 15:50:25 CEST.
Flavor | Version | Tinstall | Tcheck | Ttotal | Status | Flags |
---|---|---|---|---|---|---|
r-devel-linux-x86_64-debian-clang | 0.0.1 | 72.22 | 36.22 | 108.44 | OK | |
r-devel-linux-x86_64-debian-gcc | 0.0.1 | 56.23 | 31.22 | 87.45 | OK | |
r-devel-linux-x86_64-fedora-clang | 0.0.1 | 156.64 | OK | |||
r-devel-linux-x86_64-fedora-gcc | 0.0.1 | 169.49 | OK | |||
r-devel-windows-x86_64 | 0.0.1 | 57.00 | 74.00 | 131.00 | OK | |
r-patched-linux-x86_64 | 0.0.1 | 83.52 | 39.02 | 122.54 | OK | |
r-release-linux-x86_64 | 0.0.1 | 84.11 | 39.62 | 123.73 | OK | |
r-release-macos-arm64 | 0.0.1 | 41.00 | NOTE | |||
r-release-windows-x86_64 | 0.0.1 | 58.00 | 76.00 | 134.00 | OK | |
r-oldrel-macos-arm64 | 0.0.1 | 38.00 | NOTE | |||
r-oldrel-macos-x86_64 | 0.0.1 | 60.00 | NOTE | |||
r-oldrel-windows-x86_64 | 0.0.1 | 72.00 | 82.00 | 154.00 | OK |
Version: 0.0.1
Check: installed package size
Result: NOTE
installed size is 17.0Mb
sub-directories of 1Mb or more:
libs 16.9Mb
Flavors: r-release-macos-arm64, r-oldrel-macos-arm64, r-oldrel-macos-x86_64