Last updated on 2024-05-13 03:49:35 CEST.
Flavor | Version | Tinstall | Tcheck | Ttotal | Status | Flags |
---|---|---|---|---|---|---|
r-devel-linux-x86_64-debian-clang | 2.2.1 | 2.92 | 27.12 | 30.04 | OK | |
r-devel-linux-x86_64-debian-gcc | 2.2.1 | 2.34 | 21.97 | 24.31 | OK | |
r-devel-linux-x86_64-fedora-clang | 2.2.1 | 37.26 | NOTE | |||
r-devel-linux-x86_64-fedora-gcc | 2.2.1 | 44.78 | NOTE | |||
r-devel-windows-x86_64 | 2.2.1 | 5.00 | 52.00 | 57.00 | OK | |
r-patched-linux-x86_64 | 2.2.1 | 2.92 | 26.91 | 29.83 | OK | |
r-release-linux-x86_64 | 2.2.1 | 2.87 | 27.19 | 30.06 | OK | |
r-release-macos-arm64 | 2.2.1 | 16.00 | OK | |||
r-release-windows-x86_64 | 2.2.1 | 5.00 | 46.00 | 51.00 | OK | |
r-oldrel-macos-arm64 | 2.2.1 | 20.00 | OK | |||
r-oldrel-macos-x86_64 | 2.2.1 | 24.00 | OK | |||
r-oldrel-windows-x86_64 | 2.2.1 | 5.00 | 45.00 | 50.00 | OK |
Version: 2.2.1
Check: compiled code
Result: NOTE
File ‘Kendall/libs/Kendall.so’:
Found no calls to: ‘R_registerRoutines’, ‘R_useDynamicSymbols’
It is good practice to register native routines and to disable symbol
search.
See ‘Writing portable packages’ in the ‘Writing R Extensions’ manual.
Flavors: r-devel-linux-x86_64-fedora-clang, r-devel-linux-x86_64-fedora-gcc