Last updated on 2024-05-13 03:49:35 CEST.
Flavor | Version | Tinstall | Tcheck | Ttotal | Status | Flags |
---|---|---|---|---|---|---|
r-devel-linux-x86_64-debian-clang | 1.1.3 | 67.76 | 80.30 | 148.06 | OK | |
r-devel-linux-x86_64-debian-gcc | 1.1.3 | 47.56 | 60.03 | 107.59 | OK | |
r-devel-linux-x86_64-fedora-clang | 1.1.3 | 191.48 | OK | |||
r-devel-linux-x86_64-fedora-gcc | 1.1.3 | 267.69 | OK | |||
r-devel-windows-x86_64 | 1.1.3 | 48.00 | 95.00 | 143.00 | OK | |
r-patched-linux-x86_64 | 1.1.3 | 60.90 | 76.17 | 137.07 | OK | |
r-release-linux-x86_64 | 1.1.3 | 58.39 | 78.53 | 136.92 | OK | |
r-release-macos-arm64 | 1.1.3 | 50.00 | NOTE | |||
r-release-windows-x86_64 | 1.1.3 | 50.00 | 96.00 | 146.00 | OK | |
r-oldrel-macos-arm64 | 1.1.3 | 61.00 | NOTE | |||
r-oldrel-macos-x86_64 | 1.1.3 | 89.00 | NOTE | |||
r-oldrel-windows-x86_64 | 1.1.3 | 60.00 | 108.00 | 168.00 | OK |
Version: 1.1.3
Check: installed package size
Result: NOTE
installed size is 8.0Mb
sub-directories of 1Mb or more:
libs 7.6Mb
Flavors: r-release-macos-arm64, r-oldrel-macos-arm64, r-oldrel-macos-x86_64