Last updated on 2024-05-05 15:53:50 CEST.
Flavor | Version | Tinstall | Tcheck | Ttotal | Status | Flags |
---|---|---|---|---|---|---|
r-devel-linux-x86_64-debian-clang | 1.6-9 | 22.10 | 104.24 | 126.34 | OK | |
r-devel-linux-x86_64-debian-gcc | 1.6-9 | 20.52 | 76.64 | 97.16 | OK | |
r-devel-linux-x86_64-fedora-clang | 1.6-9 | 171.77 | NOTE | |||
r-devel-linux-x86_64-fedora-gcc | 1.6-9 | 183.23 | OK | |||
r-devel-windows-x86_64 | 1.6-9 | 36.00 | 121.00 | 157.00 | OK | |
r-patched-linux-x86_64 | 1.6-9 | 25.14 | 101.09 | 126.23 | OK | |
r-release-linux-x86_64 | 1.6-9 | 25.34 | 100.37 | 125.71 | OK | |
r-release-macos-arm64 | 1.6-9 | 72.00 | OK | |||
r-release-windows-x86_64 | 1.6-9 | 36.00 | 124.00 | 160.00 | OK | |
r-oldrel-macos-arm64 | 1.6-9 | 72.00 | OK | |||
r-oldrel-macos-x86_64 | 1.6-9 | 193.00 | OK | |||
r-oldrel-windows-x86_64 | 1.6-9 | 34.00 | 120.00 | 154.00 | OK |
Version: 1.6-9
Check: Rd cross-references
Result: NOTE
Undeclared package ‘colorspace’ in Rd xrefs
Flavor: r-devel-linux-x86_64-fedora-clang