Last updated on 2024-05-07 15:48:31 CEST.
Flavor | Version | Tinstall | Tcheck | Ttotal | Status | Flags |
---|---|---|---|---|---|---|
r-devel-linux-x86_64-debian-clang | 3.11.9 | 25.91 | 315.60 | 341.51 | NOTE | |
r-devel-linux-x86_64-debian-gcc | 3.11.9 | 17.79 | 222.40 | 240.19 | NOTE | |
r-devel-linux-x86_64-fedora-clang | 3.11.9 | 409.43 | NOTE | |||
r-devel-linux-x86_64-fedora-gcc | 3.11.9 | 448.03 | NOTE | |||
r-devel-windows-x86_64 | 3.11.9 | 20.00 | 287.00 | 307.00 | NOTE | |
r-patched-linux-x86_64 | 3.11.9 | 28.85 | 303.67 | 332.52 | NOTE | |
r-release-linux-x86_64 | 3.11.9 | 20.23 | 292.00 | 312.23 | NOTE | |
r-release-macos-arm64 | 3.11.9 | 105.00 | NOTE | |||
r-release-macos-x86_64 | 3.11.9 | 348.00 | NOTE | |||
r-release-windows-x86_64 | 3.11.9 | 20.00 | 285.00 | 305.00 | NOTE | |
r-oldrel-macos-arm64 | 3.11.9 | 120.00 | NOTE | |||
r-oldrel-macos-x86_64 | 3.11.9 | 311.00 | NOTE | |||
r-oldrel-windows-x86_64 | 3.11.9 | 25.00 | 338.00 | 363.00 | NOTE |
Version: 3.11.9
Check: package dependencies
Result: NOTE
Package suggested but not available for checking: ‘marssTMB’
Flavors: r-devel-linux-x86_64-debian-clang, r-devel-linux-x86_64-debian-gcc, r-devel-linux-x86_64-fedora-clang, r-devel-linux-x86_64-fedora-gcc, r-devel-windows-x86_64, r-patched-linux-x86_64, r-release-linux-x86_64, r-release-macos-arm64, r-release-macos-x86_64, r-release-windows-x86_64, r-oldrel-macos-arm64, r-oldrel-macos-x86_64, r-oldrel-windows-x86_64