Last updated on 2024-04-23 15:50:21 CEST.
Flavor | Version | Tinstall | Tcheck | Ttotal | Status | Flags |
---|---|---|---|---|---|---|
r-devel-linux-x86_64-debian-clang | 7.3-60.2 | 12.31 | 121.73 | 134.04 | OK | |
r-devel-linux-x86_64-debian-gcc | 7.3-60.2 | 8.65 | 85.42 | 94.07 | OK | |
r-devel-linux-x86_64-fedora-clang | 7.3-60.2 | 161.54 | OK | |||
r-devel-linux-x86_64-fedora-gcc | 7.3-60.2 | 155.24 | OK | |||
r-prerel-macos-arm64 | 7.3-60.2 | 43.00 | OK | |||
r-prerel-windows-x86_64 | 7.3-60.2 | 18.00 | 138.00 | 156.00 | OK | |
r-patched-linux-x86_64 | 7.3-60.2 | 16.97 | 109.64 | 126.61 | OK | |
r-release-linux-x86_64 | 7.3-60.0.1 | 13.51 | 112.46 | 125.97 | OK | |
r-release-macos-arm64 | 7.3-60.0.1 | 69.00 | OK | |||
r-release-macos-x86_64 | 7.3-60.0.1 | 168.00 | OK | |||
r-release-windows-x86_64 | 7.3-60.0.1 | 19.00 | 164.00 | 183.00 | OK | |
r-oldrel-macos-arm64 | 7.3-60.2 | 29.00 | ERROR | |||
r-oldrel-windows-x86_64 | 7.3-60.0.1 | 23.00 | 158.00 | 181.00 | OK |
Version: 7.3-60.2
Check: whether package can be installed
Result: ERROR
Installation failed.
Flavor: r-oldrel-macos-arm64