Last updated on 2024-05-09 15:49:27 CEST.
Flavor | Version | Tinstall | Tcheck | Ttotal | Status | Flags |
---|---|---|---|---|---|---|
r-devel-linux-x86_64-debian-clang | 0.4.0 | 3.03 | 55.04 | 58.07 | OK | |
r-devel-linux-x86_64-debian-gcc | 0.4.0 | 3.26 | 57.19 | 60.45 | OK | |
r-devel-linux-x86_64-fedora-clang | 0.4.0 | 80.38 | NOTE | |||
r-devel-linux-x86_64-fedora-gcc | 0.4.0 | 113.98 | NOTE | |||
r-devel-windows-x86_64 | 0.4.0 | 4.00 | 64.00 | 68.00 | OK | |
r-patched-linux-x86_64 | 0.4.0 | 2.69 | 61.71 | 64.40 | OK | |
r-release-linux-x86_64 | 0.4.0 | 2.46 | 61.72 | 64.18 | OK | |
r-release-macos-arm64 | 0.4.0 | 38.00 | OK | |||
r-release-windows-x86_64 | 0.4.0 | 5.00 | 64.00 | 69.00 | OK | |
r-oldrel-macos-arm64 | 0.4.0 | 38.00 | OK | |||
r-oldrel-macos-x86_64 | 0.4.0 | 46.00 | OK | |||
r-oldrel-windows-x86_64 | 0.4.0 | 6.00 | 69.00 | 75.00 | OK |
Version: 0.4.0
Check: dependencies in R code
Result: NOTE
Namespace in Imports field not imported from: ‘nflfastR’
All declared Imports should be used.
Flavors: r-devel-linux-x86_64-fedora-clang, r-devel-linux-x86_64-fedora-gcc