Last updated on 2024-05-21 15:50:32 CEST.
Flavor | Version | Tinstall | Tcheck | Ttotal | Status | Flags |
---|---|---|---|---|---|---|
r-devel-linux-x86_64-debian-clang | 0.3.5 | 3.87 | 49.09 | 52.96 | NOTE | |
r-devel-linux-x86_64-debian-gcc | 0.3.5 | 2.57 | 36.02 | 38.59 | NOTE | |
r-devel-linux-x86_64-fedora-clang | 0.3.5 | 64.61 | NOTE | |||
r-devel-linux-x86_64-fedora-gcc | 0.3.5 | 73.02 | NOTE | |||
r-devel-windows-x86_64 | 0.3.5 | 4.00 | 73.00 | 77.00 | NOTE | |
r-patched-linux-x86_64 | 0.3.5 | 4.07 | 46.77 | 50.84 | NOTE | |
r-release-linux-x86_64 | 0.3.5 | 3.27 | 47.02 | 50.29 | NOTE | |
r-release-macos-arm64 | 0.3.5 | 29.00 | NOTE | |||
r-release-windows-x86_64 | 0.3.5 | 4.00 | 75.00 | 79.00 | NOTE | |
r-oldrel-macos-arm64 | 0.3.5 | 42.00 | OK | |||
r-oldrel-macos-x86_64 | 0.3.5 | 116.00 | OK | |||
r-oldrel-windows-x86_64 | 0.3.5 | 5.00 | 72.00 | 77.00 | OK |
Version: 0.3.5
Check: Rd files
Result: NOTE
checkRd: (-1) oncotree.fit.Rd:63: Lost braces in \itemize; \value handles \item{}{} directly
checkRd: (-1) oncotree.fit.Rd:64: Lost braces in \itemize; \value handles \item{}{} directly
checkRd: (-1) oncotree.fit.Rd:65: Lost braces in \itemize; \value handles \item{}{} directly
checkRd: (-1) oncotree.fit.Rd:66: Lost braces in \itemize; \value handles \item{}{} directly
checkRd: (-1) oncotree.fit.Rd:67: Lost braces in \itemize; \value handles \item{}{} directly
Flavors: r-devel-linux-x86_64-debian-clang, r-devel-linux-x86_64-debian-gcc, r-devel-linux-x86_64-fedora-clang, r-devel-linux-x86_64-fedora-gcc, r-devel-windows-x86_64, r-patched-linux-x86_64, r-release-linux-x86_64, r-release-macos-arm64, r-release-windows-x86_64