Last updated on 2024-05-09 15:49:27 CEST.
Flavor | Version | Tinstall | Tcheck | Ttotal | Status | Flags |
---|---|---|---|---|---|---|
r-devel-linux-x86_64-debian-clang | 0.6.2 | 10.85 | 94.50 | 105.35 | OK | |
r-devel-linux-x86_64-debian-gcc | 0.6.2 | 7.40 | 70.98 | 78.38 | OK | |
r-devel-linux-x86_64-fedora-clang | 0.6.2 | 128.92 | NOTE | |||
r-devel-linux-x86_64-fedora-gcc | 0.6.2 | 172.49 | OK | |||
r-devel-windows-x86_64 | 0.6.2 | 10.00 | 87.00 | 97.00 | OK | |
r-patched-linux-x86_64 | 0.6.2 | 9.69 | 88.70 | 98.39 | OK | |
r-release-linux-x86_64 | 0.6.2 | 6.04 | 90.19 | 96.23 | OK | |
r-release-macos-arm64 | 0.6.2 | 40.00 | OK | |||
r-release-macos-x86_64 | 0.6.2 | 99.00 | OK | |||
r-release-windows-x86_64 | 0.6.2 | 10.00 | 88.00 | 98.00 | OK | |
r-oldrel-macos-arm64 | 0.6.2 | 43.00 | OK | |||
r-oldrel-macos-x86_64 | 0.6.2 | 96.00 | OK | |||
r-oldrel-windows-x86_64 | 0.6.2 | 12.00 | 105.00 | 117.00 | OK |
Version: 0.6.2
Check: package dependencies
Result: NOTE
Imports includes 23 non-default packages.
Importing from so many packages makes the package vulnerable to any of
them becoming unavailable. Move as many as possible to Suggests and
use conditionally.
Flavor: r-devel-linux-x86_64-fedora-clang