Last updated on 2024-05-19 15:50:57 CEST.
Flavor | Version | Tinstall | Tcheck | Ttotal | Status | Flags |
---|---|---|---|---|---|---|
r-devel-linux-x86_64-debian-clang | 1.2 | 1.63 | 30.97 | 32.60 | NOTE | |
r-devel-linux-x86_64-debian-gcc | 1.2 | 1.74 | 23.68 | 25.42 | NOTE | |
r-devel-linux-x86_64-fedora-clang | 1.2 | 40.86 | NOTE | |||
r-devel-linux-x86_64-fedora-gcc | 1.2 | 44.68 | NOTE | |||
r-devel-windows-x86_64 | 1.2 | 2.00 | 43.00 | 45.00 | NOTE | |
r-patched-linux-x86_64 | 1.2 | 2.31 | 29.26 | 31.57 | NOTE | |
r-release-linux-x86_64 | 1.2 | 2.34 | 29.76 | 32.10 | NOTE | |
r-release-macos-arm64 | 1.2 | 15.00 | NOTE | |||
r-release-windows-x86_64 | 1.2 | 3.00 | 43.00 | 46.00 | NOTE | |
r-oldrel-macos-arm64 | 1.2 | 17.00 | OK | |||
r-oldrel-macos-x86_64 | 1.2 | 23.00 | OK | |||
r-oldrel-windows-x86_64 | 1.2 | 3.00 | 47.00 | 50.00 | OK |
Version: 1.2
Check: Rd files
Result: NOTE
checkRd: (-1) MonteCarlo.Rd:23: Lost braces
23 | N is computed from \code{p} length. M is code{10^4} by default.
| ^
Flavors: r-devel-linux-x86_64-debian-clang, r-devel-linux-x86_64-debian-gcc, r-devel-linux-x86_64-fedora-clang, r-devel-linux-x86_64-fedora-gcc, r-devel-windows-x86_64, r-patched-linux-x86_64, r-release-linux-x86_64, r-release-macos-arm64, r-release-windows-x86_64