Last updated on 2024-04-18 15:54:02 CEST.
Flavor | Version | Tinstall | Tcheck | Ttotal | Status | Flags |
---|---|---|---|---|---|---|
r-devel-linux-x86_64-debian-clang | 0.10.2 | 15.17 | 349.93 | 365.10 | NOTE | |
r-devel-linux-x86_64-debian-gcc | 0.10.2 | 12.85 | 255.34 | 268.19 | NOTE | |
r-devel-linux-x86_64-fedora-clang | 0.10.2 | 449.13 | NOTE | |||
r-devel-linux-x86_64-fedora-gcc | 0.10.2 | 434.54 | NOTE | |||
r-prerel-macos-arm64 | 0.10.2 | 121.00 | NOTE | |||
r-prerel-windows-x86_64 | 0.10.2 | 18.00 | 266.00 | 284.00 | NOTE | |
r-patched-linux-x86_64 | 0.10.2 | 20.26 | 335.37 | 355.63 | NOTE | |
r-release-linux-x86_64 | 0.10.2 | 10.28 | 327.64 | 337.92 | OK | |
r-release-macos-arm64 | 0.10.2 | 148.00 | OK | |||
r-release-macos-x86_64 | 0.10.2 | 255.00 | OK | |||
r-release-windows-x86_64 | 0.10.2 | 20.00 | 333.00 | 353.00 | OK | |
r-oldrel-macos-arm64 | 0.10.2 | 125.00 | OK | |||
r-oldrel-windows-x86_64 | 0.10.2 | 23.00 | 313.00 | 336.00 | OK |
Version: 0.10.2
Check: Rd files
Result: NOTE
checkRd: (-1) cov_holder.Rd:29: Lost braces in \itemize; meant \describe ?
checkRd: (-1) cov_holder.Rd:30: Lost braces in \itemize; meant \describe ?
checkRd: (-1) cov_holder.Rd:31: Lost braces in \itemize; meant \describe ?
checkRd: (-1) cov_holder.Rd:32: Lost braces in \itemize; meant \describe ?
checkRd: (-1) cov_holder.Rd:33: Lost braces in \itemize; meant \describe ?
checkRd: (-1) pk.calc.sparse_auc.Rd:49: Lost braces in \itemize; meant \describe ?
checkRd: (-1) pk.calc.sparse_auc.Rd:50: Lost braces in \itemize; meant \describe ?
checkRd: (-1) pk.calc.sparse_auc.Rd:51: Lost braces in \itemize; meant \describe ?
checkRd: (-1) sparse_auc_weight_linear.Rd:28: Lost braces in \itemize; meant \describe ?
checkRd: (-1) sparse_auc_weight_linear.Rd:29: Lost braces in \itemize; meant \describe ?
checkRd: (-1) sparse_auc_weight_linear.Rd:30: Lost braces in \itemize; meant \describe ?
checkRd: (-1) sparse_mean.Rd:29: Lost braces in \itemize; meant \describe ?
checkRd: (-1) sparse_mean.Rd:30: Lost braces in \itemize; meant \describe ?
checkRd: (-1) time_calc.Rd:19: Lost braces in \itemize; \value handles \item{}{} directly
checkRd: (-1) time_calc.Rd:20: Lost braces in \itemize; \value handles \item{}{} directly
checkRd: (-1) time_calc.Rd:21: Lost braces in \itemize; \value handles \item{}{} directly
checkRd: (-1) time_calc.Rd:22: Lost braces in \itemize; \value handles \item{}{} directly
checkRd: (-1) time_calc.Rd:23: Lost braces in \itemize; \value handles \item{}{} directly
Flavors: r-devel-linux-x86_64-debian-clang, r-devel-linux-x86_64-debian-gcc, r-devel-linux-x86_64-fedora-clang, r-devel-linux-x86_64-fedora-gcc, r-prerel-macos-arm64, r-prerel-windows-x86_64, r-patched-linux-x86_64