Last updated on 2024-05-07 15:48:35 CEST.
Flavor | Version | Tinstall | Tcheck | Ttotal | Status | Flags |
---|---|---|---|---|---|---|
r-devel-linux-x86_64-debian-clang | 1.2.0 | 234.06 | 744.73 | 978.79 | OK | |
r-devel-linux-x86_64-debian-gcc | 1.2.0 | 192.39 | 491.25 | 683.64 | OK | |
r-devel-linux-x86_64-fedora-clang | 1.2.0 | 1234.40 | NOTE | |||
r-devel-linux-x86_64-fedora-gcc | 1.2.0 | 1360.86 | OK | |||
r-devel-windows-x86_64 | 1.2.0 | 187.00 | 566.00 | 753.00 | NOTE | |
r-patched-linux-x86_64 | 1.2.0 | 182.90 | 692.28 | 875.18 | OK | |
r-release-linux-x86_64 | 1.2.0 | 181.59 | 684.43 | 866.02 | OK | |
r-release-macos-arm64 | 1.2.0 | 289.00 | NOTE | |||
r-release-macos-x86_64 | 1.2.0 | 549.00 | NOTE | |||
r-release-windows-x86_64 | 1.2.0 | 181.00 | 547.00 | 728.00 | NOTE | |
r-oldrel-macos-arm64 | 1.2.0 | 347.00 | NOTE | |||
r-oldrel-macos-x86_64 | 1.2.0 | 585.00 | NOTE | |||
r-oldrel-windows-x86_64 | 1.2.0 | 229.00 | 694.00 | 923.00 | NOTE |
Version: 1.2.0
Check: installed package size
Result: NOTE
installed size is 6.0Mb
sub-directories of 1Mb or more:
data 1.4Mb
doc 2.1Mb
Flavors: r-devel-linux-x86_64-fedora-clang, r-devel-windows-x86_64, r-release-macos-arm64, r-release-macos-x86_64, r-release-windows-x86_64, r-oldrel-macos-arm64, r-oldrel-macos-x86_64, r-oldrel-windows-x86_64