Last updated on 2024-05-19 15:50:58 CEST.
Flavor | Version | Tinstall | Tcheck | Ttotal | Status | Flags |
---|---|---|---|---|---|---|
r-devel-linux-x86_64-debian-clang | 1.7.1 | 38.49 | 52.80 | 91.29 | OK | |
r-devel-linux-x86_64-debian-gcc | 1.7.1 | 31.93 | 40.53 | 72.46 | OK | |
r-devel-linux-x86_64-fedora-clang | 1.7.1 | 122.33 | NOTE | |||
r-devel-linux-x86_64-fedora-gcc | 1.7.1 | 148.13 | NOTE | |||
r-devel-windows-x86_64 | 1.7.1 | 33.00 | 62.00 | 95.00 | OK | |
r-patched-linux-x86_64 | 1.7.1 | 30.03 | 50.93 | 80.96 | OK | |
r-release-linux-x86_64 | 1.7.1 | 27.87 | 52.47 | 80.34 | OK | |
r-release-macos-arm64 | 1.7.1 | 49.00 | OK | |||
r-release-windows-x86_64 | 1.7.1 | 35.00 | 62.00 | 97.00 | OK | |
r-oldrel-macos-arm64 | 1.7.1 | 52.00 | OK | |||
r-oldrel-macos-x86_64 | 1.7.1 | 78.00 | OK | |||
r-oldrel-windows-x86_64 | 1.7.1 | 43.00 | 70.00 | 113.00 | OK |
Version: 1.7.1
Check: data for non-ASCII characters
Result: NOTE
Note: found 7256 marked UTF-8 strings
Flavors: r-devel-linux-x86_64-fedora-clang, r-devel-linux-x86_64-fedora-gcc