Last updated on 2024-05-19 03:55:47 CEST.
Flavor | Version | Tinstall | Tcheck | Ttotal | Status | Flags |
---|---|---|---|---|---|---|
r-devel-linux-x86_64-debian-clang | 0.0.9 | 4.13 | 21.10 | 25.23 | OK | |
r-devel-linux-x86_64-debian-gcc | 0.0.9 | 3.70 | 16.91 | 20.61 | OK | |
r-devel-linux-x86_64-fedora-clang | 0.0.9 | 32.51 | OK | |||
r-devel-linux-x86_64-fedora-gcc | 0.0.9 | 35.93 | OK | |||
r-patched-linux-x86_64 | 0.0.9 | 4.12 | 21.09 | 25.21 | OK | |
r-release-linux-x86_64 | 0.0.9 | 3.92 | 20.65 | 24.57 | OK | |
r-release-macos-arm64 | 0.0.9 | 16.00 | OK | |||
r-release-macos-x86_64 | 0.0.9 | 28.00 | OK | |||
r-release-windows-x86_64 | 0.0.8 | 8.00 | 39.00 | 47.00 | NOTE | |
r-oldrel-macos-arm64 | 0.0.9 | 20.00 | OK | |||
r-oldrel-macos-x86_64 | 0.0.9 | 31.00 | OK | |||
r-oldrel-windows-x86_64 | 0.0.8 | 8.00 | 40.00 | 48.00 | OK |
Version: 0.0.8
Check: Rd contents
Result: NOTE
Auto-generated content requiring editing in Rd file 'RApiDatetime-package.Rd':
\references: 'This optional section can contain literature or other refere...'
\seealso: 'Optional links to other man pages'
\examples: '# Optional simple examples of the most important functions'
Flavor: r-release-windows-x86_64