Last updated on 2024-05-19 15:51:01 CEST.
Flavor | Version | Tinstall | Tcheck | Ttotal | Status | Flags |
---|---|---|---|---|---|---|
r-devel-linux-x86_64-debian-clang | 0.1 | 2.69 | 23.87 | 26.56 | NOTE | |
r-devel-linux-x86_64-debian-gcc | 0.1 | 2.12 | 18.01 | 20.13 | NOTE | |
r-devel-linux-x86_64-fedora-clang | 0.1 | 32.77 | NOTE | |||
r-devel-linux-x86_64-fedora-gcc | 0.1 | 34.07 | NOTE | |||
r-devel-windows-x86_64 | 0.1 | 3.00 | 42.00 | 45.00 | NOTE | |
r-patched-linux-x86_64 | 0.1 | 2.32 | 22.97 | 25.29 | NOTE | |
r-release-linux-x86_64 | 0.1 | 2.48 | 23.14 | 25.62 | NOTE | |
r-release-macos-arm64 | 0.1 | 14.00 | NOTE | |||
r-release-windows-x86_64 | 0.1 | 3.00 | 42.00 | 45.00 | NOTE | |
r-oldrel-macos-arm64 | 0.1 | 14.00 | NOTE | |||
r-oldrel-macos-x86_64 | 0.1 | 18.00 | NOTE | |||
r-oldrel-windows-x86_64 | 0.1 | 3.00 | 40.00 | 43.00 | NOTE |
Version: 0.1
Check: DESCRIPTION meta-information
Result: NOTE
Malformed Description field: should contain one or more complete sentences.
Flavors: r-devel-linux-x86_64-debian-clang, r-devel-linux-x86_64-debian-gcc, r-devel-linux-x86_64-fedora-clang, r-devel-linux-x86_64-fedora-gcc, r-devel-windows-x86_64, r-patched-linux-x86_64, r-release-linux-x86_64, r-release-macos-arm64, r-release-windows-x86_64, r-oldrel-macos-arm64, r-oldrel-macos-x86_64, r-oldrel-windows-x86_64