Last updated on 2024-05-11 03:52:08 CEST.
Flavor | Version | Tinstall | Tcheck | Ttotal | Status | Flags |
---|---|---|---|---|---|---|
r-devel-linux-x86_64-debian-clang | 1.5 | 652.58 | 138.19 | 790.77 | OK | |
r-devel-linux-x86_64-debian-gcc | 1.5 | 568.81 | 101.22 | 670.03 | OK | |
r-devel-linux-x86_64-fedora-clang | 1.5 | 976.48 | NOTE | |||
r-devel-linux-x86_64-fedora-gcc | 1.5 | 1522.55 | OK | |||
r-devel-windows-x86_64 | 1.5 | 469.00 | 227.00 | 696.00 | NOTE | |
r-patched-linux-x86_64 | 1.5 | 713.07 | 130.22 | 843.29 | OK | |
r-release-linux-x86_64 | 1.5 | 719.56 | 127.04 | 846.60 | OK | |
r-release-macos-arm64 | 1.5 | 299.00 | NOTE | |||
r-release-macos-x86_64 | 1.5 | 442.00 | NOTE | |||
r-release-windows-x86_64 | 1.5 | 462.00 | 222.00 | 684.00 | NOTE | |
r-oldrel-macos-arm64 | 1.5 | 276.00 | NOTE | |||
r-oldrel-macos-x86_64 | 1.5 | 321.00 | NOTE | |||
r-oldrel-windows-x86_64 | 1.5 | 639.00 | 271.00 | 910.00 | NOTE |
Version: 1.5
Check: installed package size
Result: NOTE
installed size is 11.9Mb
sub-directories of 1Mb or more:
libs 10.1Mb
Flavors: r-devel-linux-x86_64-fedora-clang, r-devel-windows-x86_64, r-release-macos-arm64, r-release-macos-x86_64, r-release-windows-x86_64, r-oldrel-macos-arm64, r-oldrel-macos-x86_64, r-oldrel-windows-x86_64