Last updated on 2024-05-13 03:49:46 CEST.
Flavor | Version | Tinstall | Tcheck | Ttotal | Status | Flags |
---|---|---|---|---|---|---|
r-devel-linux-x86_64-debian-clang | 0.9.3 | 14.25 | 124.30 | 138.55 | OK | |
r-devel-linux-x86_64-debian-gcc | 0.9.3 | 9.59 | 89.75 | 99.34 | OK | |
r-devel-linux-x86_64-fedora-clang | 0.9.3 | 166.31 | NOTE | |||
r-devel-linux-x86_64-fedora-gcc | 0.9.3 | 257.40 | NOTE | |||
r-devel-windows-x86_64 | 0.9.3 | 13.00 | 102.00 | 115.00 | OK | |
r-patched-linux-x86_64 | 0.9.3 | 9.49 | 116.55 | 126.04 | OK | |
r-release-linux-x86_64 | 0.9.3 | 7.69 | 116.21 | 123.90 | OK | |
r-release-macos-arm64 | 0.9.3 | 57.00 | OK | |||
r-release-windows-x86_64 | 0.9.3 | 12.00 | 104.00 | 116.00 | OK | |
r-oldrel-macos-arm64 | 0.9.3 | 57.00 | OK | |||
r-oldrel-macos-x86_64 | 0.9.3 | 85.00 | OK | |||
r-oldrel-windows-x86_64 | 0.9.3 | 16.00 | 123.00 | 139.00 | OK |
Version: 0.9.3
Check: data for non-ASCII characters
Result: NOTE
Note: found 6 marked UTF-8 strings
Flavors: r-devel-linux-x86_64-fedora-clang, r-devel-linux-x86_64-fedora-gcc