Last updated on 2024-03-29 04:06:03 CET.
Flavor | Version | Tinstall | Tcheck | Ttotal | Status | Flags |
---|---|---|---|---|---|---|
r-devel-linux-x86_64-debian-clang | 0.12.8.1.0 | 46.74 | 308.48 | 355.22 | OK | |
r-devel-linux-x86_64-debian-gcc | 0.12.8.1.0 | 37.72 | 223.91 | 261.63 | OK | |
r-devel-linux-x86_64-fedora-clang | 0.12.8.1.0 | 454.11 | NOTE | |||
r-devel-linux-x86_64-fedora-gcc | 0.12.8.1.0 | 472.83 | OK | |||
r-devel-windows-x86_64 | 0.12.8.1.0 | 49.00 | 295.00 | 344.00 | NOTE | |
r-patched-linux-x86_64 | 0.12.8.1.0 | 42.28 | 314.59 | 356.87 | OK | |
r-release-linux-x86_64 | 0.12.8.1.0 | 44.91 | 316.46 | 361.37 | OK | |
r-release-macos-arm64 | 0.12.8.1.0 | 118.00 | NOTE | |||
r-release-macos-x86_64 | 0.12.8.1.0 | 357.00 | NOTE | |||
r-release-windows-x86_64 | 0.12.8.1.0 | 55.00 | 320.00 | 375.00 | NOTE | |
r-oldrel-macos-arm64 | 0.12.8.1.0 | 110.00 | NOTE | |||
r-oldrel-windows-x86_64 | 0.12.8.1.0 | 53.00 | 305.00 | 358.00 | NOTE |
Version: 0.12.8.1.0
Check: installed package size
Result: NOTE
installed size is 7.6Mb
sub-directories of 1Mb or more:
include 6.5Mb
Flavors: r-devel-linux-x86_64-fedora-clang, r-devel-windows-x86_64, r-release-macos-arm64, r-release-macos-x86_64, r-release-windows-x86_64, r-oldrel-macos-arm64, r-oldrel-windows-x86_64