Last updated on 2024-05-13 03:49:43 CEST.
Flavor | Version | Tinstall | Tcheck | Ttotal | Status | Flags |
---|---|---|---|---|---|---|
r-devel-linux-x86_64-debian-clang | 0.3.0 | 68.67 | 142.84 | 211.51 | NOTE | |
r-devel-linux-x86_64-debian-gcc | 0.3.0 | 63.02 | 109.57 | 172.59 | NOTE | |
r-devel-linux-x86_64-fedora-clang | 0.3.0 | 275.97 | NOTE | |||
r-devel-linux-x86_64-fedora-gcc | 0.3.0 | 335.10 | NOTE | |||
r-devel-windows-x86_64 | 0.3.0 | 60.00 | 139.00 | 199.00 | NOTE | |
r-patched-linux-x86_64 | 0.3.0 | 50.83 | 140.09 | 190.92 | NOTE | |
r-release-linux-x86_64 | 0.3.0 | 53.08 | 139.06 | 192.14 | NOTE | |
r-release-macos-arm64 | 0.3.0 | 71.00 | NOTE | |||
r-release-windows-x86_64 | 0.3.0 | 59.00 | 140.00 | 199.00 | NOTE | |
r-oldrel-macos-arm64 | 0.3.0 | 82.00 | NOTE | |||
r-oldrel-macos-x86_64 | 0.3.0 | 136.00 | NOTE | |||
r-oldrel-windows-x86_64 | 0.3.0 | 76.00 | 170.00 | 246.00 | NOTE |
Version: 0.3.0
Check: C++ specification
Result: NOTE
Specified C++11: please drop specification unless essential
Flavors: r-devel-linux-x86_64-debian-clang, r-devel-linux-x86_64-debian-gcc, r-devel-linux-x86_64-fedora-clang, r-devel-linux-x86_64-fedora-gcc, r-devel-windows-x86_64, r-patched-linux-x86_64, r-release-linux-x86_64, r-release-macos-arm64, r-release-windows-x86_64, r-oldrel-macos-arm64, r-oldrel-macos-x86_64, r-oldrel-windows-x86_64
Version: 0.3.0
Check: package subdirectories
Result: NOTE
Problems with news in ‘NEWS.md’:
No news entries found.
Flavors: r-devel-linux-x86_64-debian-clang, r-devel-linux-x86_64-debian-gcc, r-devel-linux-x86_64-fedora-clang, r-devel-linux-x86_64-fedora-gcc, r-devel-windows-x86_64, r-patched-linux-x86_64, r-release-linux-x86_64, r-release-macos-arm64, r-release-windows-x86_64, r-oldrel-macos-arm64, r-oldrel-macos-x86_64, r-oldrel-windows-x86_64
Version: 0.3.0
Check: installed package size
Result: NOTE
installed size is 7.7Mb
sub-directories of 1Mb or more:
libs 7.5Mb
Flavors: r-release-macos-arm64, r-oldrel-macos-arm64, r-oldrel-macos-x86_64