Last updated on 2024-05-05 15:53:57 CEST.
Flavor | Version | Tinstall | Tcheck | Ttotal | Status | Flags |
---|---|---|---|---|---|---|
r-devel-linux-x86_64-debian-clang | 5.1.7 | 57.90 | 86.97 | 144.87 | NOTE | |
r-devel-linux-x86_64-debian-gcc | 5.1.7 | 38.57 | 59.55 | 98.12 | NOTE | |
r-devel-linux-x86_64-fedora-clang | 5.1.7 | 224.13 | NOTE | |||
r-devel-linux-x86_64-fedora-gcc | 5.1.7 | 198.67 | NOTE | |||
r-devel-windows-x86_64 | 5.1.7 | 142.00 | 116.00 | 258.00 | NOTE | |
r-patched-linux-x86_64 | 5.1.7 | 55.65 | 83.82 | 139.47 | NOTE | |
r-release-linux-x86_64 | 5.1.7 | 55.65 | 81.76 | 137.41 | NOTE | |
r-release-macos-arm64 | 5.1.7 | 49.00 | NOTE | |||
r-release-windows-x86_64 | 5.1.7 | 144.00 | 101.00 | 245.00 | NOTE | |
r-oldrel-macos-arm64 | 5.1.7 | 56.00 | NOTE | |||
r-oldrel-macos-x86_64 | 5.1.7 | 62.00 | NOTE | |||
r-oldrel-windows-x86_64 | 5.1.7 | 142.00 | 111.00 | 253.00 | NOTE |
Version: 5.1.7
Check: for GNU extensions in Makefiles
Result: NOTE
GNU make is a SystemRequirements.
Flavors: r-devel-linux-x86_64-debian-clang, r-devel-linux-x86_64-debian-gcc, r-devel-linux-x86_64-fedora-clang, r-devel-linux-x86_64-fedora-gcc, r-devel-windows-x86_64, r-patched-linux-x86_64, r-release-linux-x86_64, r-release-macos-arm64, r-release-windows-x86_64, r-oldrel-macos-arm64, r-oldrel-macos-x86_64, r-oldrel-windows-x86_64