Last updated on 2024-05-13 03:49:44 CEST.
Flavor | Version | Tinstall | Tcheck | Ttotal | Status | Flags |
---|---|---|---|---|---|---|
r-devel-linux-x86_64-debian-clang | 1.0.1 | 45.45 | 50.65 | 96.10 | NOTE | |
r-devel-linux-x86_64-debian-gcc | 1.0.1 | 34.38 | 38.22 | 72.60 | NOTE | |
r-devel-linux-x86_64-fedora-clang | 1.0.1 | 141.04 | NOTE | |||
r-devel-linux-x86_64-fedora-gcc | 1.0.1 | 170.68 | NOTE | |||
r-devel-windows-x86_64 | 1.0.1 | 34.00 | 76.00 | 110.00 | NOTE | |
r-patched-linux-x86_64 | 1.0.1 | 41.02 | 49.41 | 90.43 | NOTE | |
r-release-linux-x86_64 | 1.0.1 | 42.47 | 47.80 | 90.27 | NOTE | |
r-release-macos-arm64 | 1.0.1 | 33.00 | NOTE | |||
r-release-macos-x86_64 | 1.0.1 | 62.00 | OK | |||
r-release-windows-x86_64 | 1.0.1 | 34.00 | 76.00 | 110.00 | NOTE | |
r-oldrel-macos-arm64 | 1.0.1 | 33.00 | OK | |||
r-oldrel-macos-x86_64 | 1.0.1 | 80.00 | OK | |||
r-oldrel-windows-x86_64 | 1.0.1 | 44.00 | 90.00 | 134.00 | OK |
Version: 1.0.1
Check: Rd files
Result: NOTE
checkRd: (-1) ReAD.Rd:19: Lost braces; missing escapes or markup?
19 | \item{pi}{An estimate of the stationary probabilities of four states {(0,0), (0,1), (1,0), (1,1)}.}
| ^
checkRd: (-1) em_hmm.Rd:22: Lost braces; missing escapes or markup?
22 | \item{pi}{An estimate of the stationary probabilities of four states {(0,0), (0,1), (1,0), (1,1)}.}
| ^
Flavors: r-devel-linux-x86_64-debian-clang, r-devel-linux-x86_64-debian-gcc, r-devel-linux-x86_64-fedora-clang, r-devel-linux-x86_64-fedora-gcc, r-devel-windows-x86_64, r-patched-linux-x86_64, r-release-linux-x86_64, r-release-macos-arm64, r-release-windows-x86_64