Last updated on 2024-05-13 03:49:50 CEST.
Flavor | Version | Tinstall | Tcheck | Ttotal | Status | Flags |
---|---|---|---|---|---|---|
r-devel-linux-x86_64-debian-clang | 0.1.1 | 25.46 | 676.81 | 702.27 | OK | |
r-devel-linux-x86_64-debian-gcc | 0.1.1 | 18.27 | 468.25 | 486.52 | OK | |
r-devel-linux-x86_64-fedora-clang | 0.1.1 | 809.59 | NOTE | |||
r-devel-linux-x86_64-fedora-gcc | 0.1.1 | 910.22 | OK | |||
r-devel-windows-x86_64 | 0.1.1 | 24.00 | 415.00 | 439.00 | OK | |
r-patched-linux-x86_64 | 0.1.1 | 24.17 | 624.04 | 648.21 | OK | |
r-release-linux-x86_64 | 0.1.1 | 22.58 | 634.19 | 656.77 | OK | |
r-release-macos-arm64 | 0.1.1 | 184.00 | NOTE | |||
r-release-windows-x86_64 | 0.1.1 | 26.00 | 391.00 | 417.00 | OK | |
r-oldrel-macos-arm64 | 0.1.1 | 209.00 | NOTE | |||
r-oldrel-macos-x86_64 | 0.1.1 | 617.00 | NOTE | |||
r-oldrel-windows-x86_64 | 0.1.1 | 32.00 | 693.00 | 725.00 | OK |
Version: 0.1.1
Check: installed package size
Result: NOTE
installed size is 5.0Mb
sub-directories of 1Mb or more:
doc 1.6Mb
lsndata 2.4Mb
Flavors: r-devel-linux-x86_64-fedora-clang, r-release-macos-arm64, r-oldrel-macos-arm64, r-oldrel-macos-x86_64