Last updated on 2024-05-08 03:52:28 CEST.
Flavor | Version | Tinstall | Tcheck | Ttotal | Status | Flags |
---|---|---|---|---|---|---|
r-devel-linux-x86_64-debian-clang | 1.0.2 | 3.46 | 36.91 | 40.37 | OK | |
r-devel-linux-x86_64-debian-gcc | 1.0.2 | 2.38 | 29.09 | 31.47 | OK | |
r-devel-linux-x86_64-fedora-clang | 1.0.2 | 50.03 | OK | |||
r-devel-linux-x86_64-fedora-gcc | 1.0.2 | 50.72 | OK | |||
r-devel-windows-x86_64 | 1.0.2 | 3.00 | 56.00 | 59.00 | OK | |
r-patched-linux-x86_64 | 1.0.2 | 3.42 | 36.03 | 39.45 | OK | |
r-release-linux-x86_64 | 1.0.2 | 2.35 | 35.42 | 37.77 | OK | |
r-release-macos-arm64 | 1.0.2 | 20.00 | OK | |||
r-release-windows-x86_64 | 1.0.2 | 3.00 | 56.00 | 59.00 | OK | |
r-oldrel-macos-arm64 | 1.0.2 | 20.00 | OK | |||
r-oldrel-macos-x86_64 | 1.0.2 | 29.00 | NOTE | |||
r-oldrel-windows-x86_64 | 1.0.2 | 5.00 | 56.00 | 61.00 | OK |
Version: 1.0.2
Check: package dependencies
Result: NOTE
Package suggested but not available for checking: ‘Ecdat’
Flavor: r-oldrel-macos-x86_64