Last updated on 2024-05-02 15:51:14 CEST.
Flavor | Version | Tinstall | Tcheck | Ttotal | Status | Flags |
---|---|---|---|---|---|---|
r-devel-linux-x86_64-debian-clang | 3.4 | 73.49 | 154.47 | 227.96 | OK | |
r-devel-linux-x86_64-debian-gcc | 3.4 | 68.86 | 107.54 | 176.40 | OK | |
r-devel-linux-x86_64-fedora-clang | 3.4 | 269.76 | OK | |||
r-devel-linux-x86_64-fedora-gcc | 3.4 | 311.02 | OK | |||
r-devel-windows-x86_64 | 3.4 | 81.00 | 152.00 | 233.00 | OK | |
r-patched-linux-x86_64 | 3.4 | 87.37 | 140.98 | 228.35 | OK | |
r-release-linux-x86_64 | 3.4 | 88.74 | 139.47 | 228.21 | OK | |
r-release-macos-arm64 | 3.4 | 75.00 | WARN | |||
r-release-windows-x86_64 | 3.4 | 80.00 | 145.00 | 225.00 | OK | |
r-oldrel-macos-arm64 | 3.4 | 84.00 | WARN | |||
r-oldrel-macos-x86_64 | 3.4 | 148.00 | NOTE | |||
r-oldrel-windows-x86_64 | 3.4 | 97.00 | 166.00 | 263.00 | OK |
Version: 3.4
Check: installed package size
Result: NOTE
installed size is 6.9Mb
sub-directories of 1Mb or more:
libs 5.8Mb
Flavors: r-release-macos-arm64, r-oldrel-macos-arm64, r-oldrel-macos-x86_64
Version: 3.4
Check: re-building of vignette outputs
Result: WARN
Error(s) in re-building vignettes:
...
--- re-building ‘SemiCompRisks.ltx’ using tex
Error: processing vignette 'SemiCompRisks.ltx' failed with diagnostics:
Running 'texi2dvi' on 'SemiCompRisks.ltx' failed.
LaTeX errors:
!pdfTeX error: pdflatex (file bbm8): Font bbm8 at 600 not found
==> Fatal error occurred, no output PDF file produced!
--- failed re-building ‘SemiCompRisks.ltx’
SUMMARY: processing the following file failed:
‘SemiCompRisks.ltx’
Error: Vignette re-building failed.
Execution halted
Flavors: r-release-macos-arm64, r-oldrel-macos-arm64