Last updated on 2024-05-13 03:49:49 CEST.
Flavor | Version | Tinstall | Tcheck | Ttotal | Status | Flags |
---|---|---|---|---|---|---|
r-devel-linux-x86_64-debian-clang | 0.8.2 | 36.66 | 368.61 | 405.27 | NOTE | |
r-devel-linux-x86_64-debian-gcc | 0.8.2 | 32.00 | 257.20 | 289.20 | NOTE | |
r-devel-linux-x86_64-fedora-clang | 0.8.2 | 488.72 | NOTE | |||
r-devel-linux-x86_64-fedora-gcc | 0.8.2 | 637.88 | NOTE | |||
r-devel-windows-x86_64 | 0.8.2 | 34.00 | 237.00 | 271.00 | NOTE | |
r-patched-linux-x86_64 | 0.8.2 | 38.59 | 336.86 | 375.45 | OK | |
r-release-linux-x86_64 | 0.8.2 | 37.03 | 345.86 | 382.89 | OK | |
r-release-macos-arm64 | 0.8.2 | 112.00 | OK | |||
r-release-windows-x86_64 | 0.8.2 | 34.00 | 225.00 | 259.00 | OK | |
r-oldrel-macos-arm64 | 0.8.2 | 117.00 | OK | |||
r-oldrel-macos-x86_64 | 0.8.2 | 220.00 | OK | |||
r-oldrel-windows-x86_64 | 0.8.2 | 44.00 | 346.00 | 390.00 | OK |
Version: 0.8.2
Check: compiled code
Result: NOTE
File ‘SpatialKDE/libs/SpatialKDE.so’:
Found non-API calls to R: ‘SETLENGTH’, ‘SET_TRUELENGTH’
Compiled code should not call non-API entry points in R.
See ‘Writing portable packages’ in the ‘Writing R Extensions’ manual.
Flavors: r-devel-linux-x86_64-debian-clang, r-devel-linux-x86_64-debian-gcc, r-devel-linux-x86_64-fedora-clang, r-devel-linux-x86_64-fedora-gcc
Version: 0.8.2
Check: compiled code
Result: NOTE
File 'SpatialKDE/libs/x64/SpatialKDE.dll':
Found non-API calls to R: 'SETLENGTH', 'SET_TRUELENGTH'
Compiled code should not call non-API entry points in R.
See 'Writing portable packages' in the 'Writing R Extensions' manual.
Flavor: r-devel-windows-x86_64