Last updated on 2024-05-13 03:49:51 CEST.
Flavor | Version | Tinstall | Tcheck | Ttotal | Status | Flags |
---|---|---|---|---|---|---|
r-devel-linux-x86_64-debian-clang | 0.1.3 | 10.50 | 85.63 | 96.13 | OK | |
r-devel-linux-x86_64-debian-gcc | 0.1.3 | 8.74 | 63.87 | 72.61 | OK | |
r-devel-linux-x86_64-fedora-clang | 0.1.3 | 129.72 | NOTE | |||
r-devel-linux-x86_64-fedora-gcc | 0.1.3 | 165.87 | NOTE | |||
r-devel-windows-x86_64 | 0.1.3 | 10.00 | 92.00 | 102.00 | OK | |
r-patched-linux-x86_64 | 0.1.3 | 9.97 | 82.40 | 92.37 | OK | |
r-release-linux-x86_64 | 0.1.3 | 6.92 | 83.69 | 90.61 | OK | |
r-release-macos-arm64 | 0.1.3 | 34.00 | OK | |||
r-release-macos-x86_64 | 0.1.3 | 71.00 | OK | |||
r-release-windows-x86_64 | 0.1.3 | 12.00 | 81.00 | 93.00 | OK | |
r-oldrel-macos-arm64 | 0.1.3 | 34.00 | OK | |||
r-oldrel-macos-x86_64 | 0.1.3 | 53.00 | OK | |||
r-oldrel-windows-x86_64 | 0.1.3 | 13.00 | 101.00 | 114.00 | OK |
Version: 0.1.3
Check: data for non-ASCII characters
Result: NOTE
Note: found 38 marked UTF-8 strings
Flavors: r-devel-linux-x86_64-fedora-clang, r-devel-linux-x86_64-fedora-gcc