Last updated on 2024-05-11 03:52:12 CEST.
Flavor | Version | Tinstall | Tcheck | Ttotal | Status | Flags |
---|---|---|---|---|---|---|
r-devel-linux-x86_64-debian-clang | 0.1.2 | 77.87 | 200.88 | 278.75 | NOTE | |
r-devel-linux-x86_64-debian-gcc | 0.1.2 | 55.13 | 145.47 | 200.60 | NOTE | |
r-devel-linux-x86_64-fedora-clang | 0.1.2 | 359.92 | NOTE | |||
r-devel-linux-x86_64-fedora-gcc | 0.1.2 | 411.98 | NOTE | |||
r-devel-windows-x86_64 | 0.1.2 | 61.00 | 300.00 | 361.00 | NOTE | |
r-patched-linux-x86_64 | 0.1.2 | 74.28 | 185.37 | 259.65 | NOTE | |
r-release-linux-x86_64 | 0.1.2 | 60.81 | 186.25 | 247.06 | NOTE | |
r-release-macos-arm64 | 0.1.2 | 75.00 | NOTE | |||
r-release-macos-x86_64 | 0.1.2 | 98.00 | NOTE | |||
r-release-windows-x86_64 | 0.1.2 | 59.00 | 221.00 | 280.00 | NOTE | |
r-oldrel-macos-arm64 | 0.1.2 | 91.00 | NOTE | |||
r-oldrel-macos-x86_64 | 0.1.2 | 158.00 | NOTE | |||
r-oldrel-windows-x86_64 | 0.1.2 | 77.00 | 254.00 | 331.00 | NOTE |
Version: 0.1.2
Check: C++ specification
Result: NOTE
Specified C++11: please drop specification unless essential
Flavors: r-devel-linux-x86_64-debian-clang, r-devel-linux-x86_64-debian-gcc, r-devel-linux-x86_64-fedora-clang, r-devel-linux-x86_64-fedora-gcc, r-devel-windows-x86_64, r-patched-linux-x86_64, r-release-linux-x86_64, r-release-macos-arm64, r-release-macos-x86_64, r-release-windows-x86_64, r-oldrel-macos-arm64, r-oldrel-macos-x86_64, r-oldrel-windows-x86_64
Version: 0.1.2
Check: Rd cross-references
Result: NOTE
Undeclared package ‘Rtsne’ in Rd xrefs
Flavor: r-devel-linux-x86_64-fedora-clang