Last updated on 2024-05-13 03:49:52 CEST.
Flavor | Version | Tinstall | Tcheck | Ttotal | Status | Flags |
---|---|---|---|---|---|---|
r-devel-linux-x86_64-debian-clang | 2.0.0 | 46.18 | 668.84 | 715.02 | OK | |
r-devel-linux-x86_64-debian-gcc | 2.0.0 | 35.58 | 488.10 | 523.68 | OK | |
r-devel-linux-x86_64-fedora-clang | 2.0.0 | 973.97 | NOTE | |||
r-devel-linux-x86_64-fedora-gcc | 2.0.0 | 986.99 | OK | |||
r-devel-windows-x86_64 | 2.0.0 | 41.00 | 427.00 | 468.00 | NOTE | |
r-patched-linux-x86_64 | 2.0.0 | 50.60 | 617.85 | 668.45 | OK | |
r-release-linux-x86_64 | 2.0.0 | 41.83 | 601.60 | 643.43 | OK | |
r-release-macos-arm64 | 2.0.0 | 296.00 | NOTE | |||
r-release-macos-x86_64 | 2.0.0 | 294.00 | NOTE | |||
r-release-windows-x86_64 | 2.0.0 | 44.00 | 440.00 | 484.00 | NOTE | |
r-oldrel-macos-arm64 | 2.0.0 | 5.00 | ERROR | |||
r-oldrel-macos-x86_64 | 2.0.0 | 6.00 | ERROR | |||
r-oldrel-windows-x86_64 | 2.0.0 | 56.00 | 581.00 | 637.00 | NOTE |
Version: 2.0.0
Check: package dependencies
Result: NOTE
Imports includes 36 non-default packages.
Importing from so many packages makes the package vulnerable to any of
them becoming unavailable. Move as many as possible to Suggests and
use conditionally.
Flavor: r-devel-linux-x86_64-fedora-clang
Version: 2.0.0
Check: installed package size
Result: NOTE
installed size is 6.4Mb
sub-directories of 1Mb or more:
data-tables 1.5Mb
doc 2.0Mb
help 1.2Mb
Flavors: r-devel-linux-x86_64-fedora-clang, r-devel-windows-x86_64, r-release-macos-arm64, r-release-macos-x86_64, r-release-windows-x86_64, r-oldrel-windows-x86_64
Version: 2.0.0
Check: package dependencies
Result: ERROR
Package required but not available: ‘EnhancedVolcano’
See section ‘The DESCRIPTION file’ in the ‘Writing R Extensions’
manual.
Flavors: r-oldrel-macos-arm64, r-oldrel-macos-x86_64