Last updated on 2024-05-21 15:50:45 CEST.
Flavor | Version | Tinstall | Tcheck | Ttotal | Status | Flags |
---|---|---|---|---|---|---|
r-devel-linux-x86_64-debian-clang | 1.5-10 | 2.30 | 30.52 | 32.82 | NOTE | |
r-devel-linux-x86_64-debian-gcc | 1.5-10 | 2.10 | 23.24 | 25.34 | NOTE | |
r-devel-linux-x86_64-fedora-clang | 1.5-10 | 42.12 | NOTE | |||
r-devel-linux-x86_64-fedora-gcc | 1.5-10 | 50.49 | NOTE | |||
r-devel-windows-x86_64 | 1.5-10 | 3.00 | 46.00 | 49.00 | NOTE | |
r-patched-linux-x86_64 | 1.5-10 | 2.48 | 29.35 | 31.83 | NOTE | |
r-release-linux-x86_64 | 1.5-10 | 2.52 | 29.76 | 32.28 | NOTE | |
r-release-macos-arm64 | 1.5-10 | 21.00 | NOTE | |||
r-release-windows-x86_64 | 1.5-10 | 3.00 | 46.00 | 49.00 | NOTE | |
r-oldrel-macos-arm64 | 1.5-10 | 22.00 | NOTE | |||
r-oldrel-macos-x86_64 | 1.5-10 | 35.00 | NOTE | |||
r-oldrel-windows-x86_64 | 1.5-10 | 3.00 | 50.00 | 53.00 | NOTE |
Version: 1.5-10
Check: package subdirectories
Result: NOTE
Problems with news in ‘NEWS.md’:
Cannot extract version info from the following section titles:
Major changes
Minor changes
Flavors: r-devel-linux-x86_64-debian-clang, r-devel-linux-x86_64-debian-gcc, r-devel-linux-x86_64-fedora-clang, r-devel-linux-x86_64-fedora-gcc, r-devel-windows-x86_64, r-patched-linux-x86_64, r-release-linux-x86_64, r-release-macos-arm64, r-release-windows-x86_64, r-oldrel-macos-arm64, r-oldrel-macos-x86_64, r-oldrel-windows-x86_64