Last updated on 2024-05-13 03:49:23 CEST.
Flavor | Version | Tinstall | Tcheck | Ttotal | Status | Flags |
---|---|---|---|---|---|---|
r-devel-linux-x86_64-debian-clang | 1.0.10 | 48.99 | 416.05 | 465.04 | NOTE | |
r-devel-linux-x86_64-debian-gcc | 1.0.10 | 32.62 | 290.62 | 323.24 | NOTE | |
r-devel-linux-x86_64-fedora-clang | 1.0.10 | 542.35 | NOTE | |||
r-devel-linux-x86_64-fedora-gcc | 1.0.10 | 687.82 | NOTE | |||
r-devel-windows-x86_64 | 1.0.10 | 35.00 | 241.00 | 276.00 | NOTE | |
r-patched-linux-x86_64 | 1.0.10 | 47.06 | 382.23 | 429.29 | NOTE | |
r-release-linux-x86_64 | 1.0.10 | 34.14 | 385.42 | 419.56 | NOTE | |
r-release-macos-arm64 | 1.0.10 | 139.00 | NOTE | |||
r-release-windows-x86_64 | 1.0.10 | 32.00 | 244.00 | 276.00 | NOTE | |
r-oldrel-macos-arm64 | 1.0.10 | 103.00 | OK | |||
r-oldrel-macos-x86_64 | 1.0.10 | 207.00 | OK | |||
r-oldrel-windows-x86_64 | 1.0.10 | 45.00 | 345.00 | 390.00 | OK |
Version: 1.0.10
Check: Rd files
Result: NOTE
checkRd: (-1) get_ex_data.Rd:31-32: Lost braces in \itemize; meant \describe ?
checkRd: (-1) get_ex_data.Rd:33: Lost braces in \itemize; meant \describe ?
checkRd: (-1) get_ex_data.Rd:34-35: Lost braces in \itemize; meant \describe ?
checkRd: (-1) get_ex_data.Rd:36: Lost braces in \itemize; meant \describe ?
checkRd: (-1) tidy_results.Rd:28-29: Lost braces in \itemize; meant \describe ?
checkRd: (-1) tidy_results.Rd:30: Lost braces in \itemize; meant \describe ?
Flavors: r-devel-linux-x86_64-debian-clang, r-devel-linux-x86_64-debian-gcc, r-devel-linux-x86_64-fedora-clang, r-devel-linux-x86_64-fedora-gcc, r-devel-windows-x86_64, r-patched-linux-x86_64, r-release-linux-x86_64, r-release-macos-arm64, r-release-windows-x86_64