Last updated on 2024-05-08 03:52:04 CEST.
Flavor | Version | Tinstall | Tcheck | Ttotal | Status | Flags |
---|---|---|---|---|---|---|
r-devel-linux-x86_64-debian-clang | 0.1.8 | 7.72 | 45.48 | 53.20 | OK | |
r-devel-linux-x86_64-debian-gcc | 0.1.8 | 4.34 | 33.79 | 38.13 | OK | |
r-devel-linux-x86_64-fedora-clang | 0.1.8 | 63.93 | NOTE | |||
r-devel-linux-x86_64-fedora-gcc | 0.1.8 | 119.73 | NOTE | |||
r-devel-windows-x86_64 | 0.1.8 | 9.00 | 59.00 | 68.00 | NOTE | |
r-patched-linux-x86_64 | 0.1.8 | 6.06 | 41.93 | 47.99 | OK | |
r-release-linux-x86_64 | 0.1.8 | 4.90 | 42.89 | 47.79 | OK | |
r-release-macos-arm64 | 0.1.8 | 30.00 | NOTE | |||
r-release-windows-x86_64 | 0.1.8 | 9.00 | 57.00 | 66.00 | NOTE | |
r-oldrel-macos-arm64 | 0.1.8 | 32.00 | NOTE | |||
r-oldrel-macos-x86_64 | 0.1.8 | 43.00 | NOTE | |||
r-oldrel-windows-x86_64 | 0.1.8 | 10.00 | 62.00 | 72.00 | NOTE |
Version: 0.1.8
Check: installed package size
Result: NOTE
installed size is 5.8Mb
sub-directories of 1Mb or more:
tutorials 5.6Mb
Flavors: r-devel-linux-x86_64-fedora-clang, r-devel-windows-x86_64, r-release-macos-arm64, r-release-windows-x86_64, r-oldrel-macos-arm64, r-oldrel-macos-x86_64, r-oldrel-windows-x86_64
Version: 0.1.8
Check: dependencies in R code
Result: NOTE
Namespaces in Imports field not imported from:
‘BayesFactor’ ‘GGally’ ‘Hmisc’ ‘WRS2’ ‘boot’ ‘car’ ‘dplyr’ ‘effects’
‘effsize’ ‘forcats’ ‘ggplot2’ ‘lm.beta’ ‘nlme’ ‘readr’ ‘robust’
‘sandwich’ ‘sjstats’ ‘tidyr’
All declared Imports should be used.
Flavors: r-devel-linux-x86_64-fedora-clang, r-devel-linux-x86_64-fedora-gcc