Last updated on 2024-05-13 03:49:24 CEST.
Flavor | Version | Tinstall | Tcheck | Ttotal | Status | Flags |
---|---|---|---|---|---|---|
r-devel-linux-x86_64-debian-clang | 2024.1.24 | 25.81 | 345.83 | 371.64 | NOTE | |
r-devel-linux-x86_64-debian-gcc | 2024.1.24 | 19.38 | 250.29 | 269.67 | NOTE | |
r-devel-linux-x86_64-fedora-clang | 2024.1.24 | 449.08 | NOTE | |||
r-devel-linux-x86_64-fedora-gcc | 2024.1.24 | 481.54 | NOTE | |||
r-devel-windows-x86_64 | 2024.1.24 | 22.00 | 287.00 | 309.00 | NOTE | |
r-patched-linux-x86_64 | 2024.1.24 | 32.20 | 329.46 | 361.66 | NOTE | |
r-release-linux-x86_64 | 2024.1.24 | 22.37 | 323.82 | 346.19 | NOTE | |
r-release-macos-arm64 | 2024.1.24 | 110.00 | OK | |||
r-release-macos-x86_64 | 2024.1.24 | 325.00 | OK | |||
r-release-windows-x86_64 | 2024.1.24 | 23.00 | 286.00 | 309.00 | NOTE | |
r-oldrel-macos-arm64 | 2024.1.24 | 116.00 | OK | |||
r-oldrel-macos-x86_64 | 2024.1.24 | 260.00 | OK | |||
r-oldrel-windows-x86_64 | 2024.1.24 | 32.00 | 365.00 | 397.00 | OK |
Version: 2024.1.24
Check: HTML version of manual
Result: NOTE
Found the following HTML validation problems:
stat_unique.html:110:1 (stat_unique.Rd:65): Warning: trimming empty <li>
stat_unique.html:109:1 (stat_unique.Rd:65): Warning: trimming empty <ul>
Flavors: r-devel-linux-x86_64-debian-clang, r-devel-linux-x86_64-debian-gcc, r-devel-linux-x86_64-fedora-clang, r-devel-linux-x86_64-fedora-gcc, r-devel-windows-x86_64, r-patched-linux-x86_64, r-release-linux-x86_64, r-release-windows-x86_64