Last updated on 2024-05-04 15:47:52 CEST.
Flavor | Version | Tinstall | Tcheck | Ttotal | Status | Flags |
---|---|---|---|---|---|---|
r-devel-linux-x86_64-debian-clang | 0.3.2 | 90.27 | 275.41 | 365.68 | NOTE | |
r-devel-linux-x86_64-debian-gcc | 0.3.2 | 67.94 | 190.47 | 258.41 | NOTE | |
r-devel-linux-x86_64-fedora-clang | 0.3.2 | 462.79 | OK | |||
r-devel-linux-x86_64-fedora-gcc | 0.3.2 | 472.54 | OK | |||
r-devel-windows-x86_64 | 0.3.2 | 78.00 | 199.00 | 277.00 | OK | |
r-patched-linux-x86_64 | 0.3.2 | 88.65 | 250.46 | 339.11 | NOTE | |
r-release-linux-x86_64 | 0.3.2 | 87.68 | 258.22 | 345.90 | NOTE | |
r-release-macos-arm64 | 0.3.2 | 107.00 | OK | |||
r-release-macos-x86_64 | 0.3.2 | 305.00 | OK | |||
r-release-windows-x86_64 | 0.3.2 | 70.00 | 197.00 | 267.00 | OK | |
r-oldrel-macos-arm64 | 0.3.2 | 105.00 | OK | |||
r-oldrel-macos-x86_64 | 0.3.2 | 247.00 | OK | |||
r-oldrel-windows-x86_64 | 0.3.2 | 93.00 | 251.00 | 344.00 | OK |
Version: 0.3.2
Check: R code for possible problems
Result: NOTE
Found the following calls to attach():
File ‘apollo/R/apollo_attach.R’:
attach(as.list(apollo_beta), warn.conflicts = FALSE)
attach(database, warn.conflicts = FALSE)
attach(draws, warn.conflicts = FALSE)
attach(randcoeff, warn.conflicts = FALSE)
attach(lcpars, warn.conflicts = FALSE)
See section ‘Good practice’ in ‘?attach’.
Flavors: r-devel-linux-x86_64-debian-clang, r-devel-linux-x86_64-debian-gcc, r-patched-linux-x86_64, r-release-linux-x86_64