Last updated on 2024-05-13 03:49:24 CEST.
Flavor | Version | Tinstall | Tcheck | Ttotal | Status | Flags |
---|---|---|---|---|---|---|
r-devel-linux-x86_64-debian-clang | 3.3.1 | 29.20 | 212.18 | 241.38 | NOTE | |
r-devel-linux-x86_64-debian-gcc | 3.3.1 | 25.66 | 152.22 | 177.88 | NOTE | |
r-devel-linux-x86_64-fedora-clang | 3.3.1 | 321.88 | NOTE | |||
r-devel-linux-x86_64-fedora-gcc | 3.3.1 | 293.07 | NOTE | |||
r-devel-windows-x86_64 | 3.3.1 | 27.00 | 178.00 | 205.00 | NOTE | |
r-patched-linux-x86_64 | 3.3.1 | 41.15 | 201.38 | 242.53 | NOTE | |
r-release-linux-x86_64 | 3.3.1 | 28.43 | 206.03 | 234.46 | NOTE | |
r-release-macos-arm64 | 3.3.1 | 72.00 | NOTE | |||
r-release-macos-x86_64 | 3.3.1 | 196.00 | NOTE | |||
r-release-windows-x86_64 | 3.3.1 | 29.00 | 179.00 | 208.00 | NOTE | |
r-oldrel-macos-arm64 | 3.3.1 | 101.00 | NOTE | |||
r-oldrel-macos-x86_64 | 3.3.1 | 188.00 | NOTE | |||
r-oldrel-windows-x86_64 | 3.3.1 | 35.00 | 217.00 | 252.00 | NOTE |
Version: 3.3.1
Check: package dependencies
Result: NOTE
Packages suggested but not available for checking:
'sfit', 'expectile', 'HaarSeg', 'mpcbs'
Flavors: r-devel-linux-x86_64-debian-clang, r-devel-linux-x86_64-debian-gcc, r-devel-linux-x86_64-fedora-clang, r-devel-linux-x86_64-fedora-gcc, r-devel-windows-x86_64, r-patched-linux-x86_64, r-release-linux-x86_64, r-release-macos-arm64, r-release-macos-x86_64, r-release-windows-x86_64, r-oldrel-windows-x86_64
Version: 3.3.1
Check: package dependencies
Result: NOTE
Packages suggested but not available for checking:
'GLAD', 'sfit', 'expectile', 'HaarSeg', 'mpcbs'
Flavors: r-oldrel-macos-arm64, r-oldrel-macos-x86_64
Version: 3.3.1
Check: Rd cross-references
Result: NOTE
Package unavailable to check Rd xrefs: ‘GLAD’
Flavors: r-oldrel-macos-arm64, r-oldrel-macos-x86_64