Last updated on 2024-05-19 15:50:40 CEST.
Flavor | Version | Tinstall | Tcheck | Ttotal | Status | Flags |
---|---|---|---|---|---|---|
r-devel-linux-x86_64-debian-clang | 1.1.2 | 30.49 | 77.59 | 108.08 | OK | |
r-devel-linux-x86_64-debian-gcc | 1.1.2 | 31.28 | 66.37 | 97.65 | OK | |
r-devel-linux-x86_64-fedora-clang | 1.1.2 | 155.60 | NOTE | |||
r-devel-linux-x86_64-fedora-gcc | 1.1.2 | 149.12 | NOTE | |||
r-devel-windows-x86_64 | 1.1.2 | 41.00 | 101.00 | 142.00 | OK | |
r-patched-linux-x86_64 | 1.1.2 | 35.98 | 85.10 | 121.08 | OK | |
r-release-linux-x86_64 | 1.1.2 | 32.77 | 81.12 | 113.89 | OK | |
r-release-macos-arm64 | 1.1.2 | 63.00 | OK | |||
r-release-windows-x86_64 | 1.1.2 | 41.00 | 96.00 | 137.00 | OK | |
r-oldrel-macos-arm64 | 1.1.2 | 88.00 | OK | |||
r-oldrel-macos-x86_64 | 1.1.2 | 204.00 | OK | |||
r-oldrel-windows-x86_64 | 1.1.2 | 52.00 | 125.00 | 177.00 | OK |
Version: 1.1.2
Check: data for non-ASCII characters
Result: NOTE
Note: found 17 marked UTF-8 strings
Flavors: r-devel-linux-x86_64-fedora-clang, r-devel-linux-x86_64-fedora-gcc