Last updated on 2024-05-13 03:49:24 CEST.
Flavor | Version | Tinstall | Tcheck | Ttotal | Status | Flags |
---|---|---|---|---|---|---|
r-devel-linux-x86_64-debian-clang | 1.0.1 | 891.57 | 603.73 | 1495.30 | OK | |
r-devel-linux-x86_64-debian-gcc | 1.0.1 | 716.87 | 508.82 | 1225.69 | OK | |
r-devel-linux-x86_64-fedora-clang | 1.0.1 | 1805.20 | NOTE | |||
r-devel-linux-x86_64-fedora-gcc | 1.0.1 | 2249.08 | NOTE | |||
r-devel-windows-x86_64 | 1.0.1 | 585.00 | 522.00 | 1107.00 | NOTE | |
r-patched-linux-x86_64 | 1.0.1 | 0.01 | 2.84 | 2.85 | ERROR | |
r-release-linux-x86_64 | 1.0.1 | 0.01 | 3.00 | 3.01 | ERROR | |
r-release-macos-arm64 | 1.0.1 | 433.00 | NOTE | |||
r-release-windows-x86_64 | 1.0.1 | 604.00 | 507.00 | 1111.00 | NOTE | |
r-oldrel-macos-arm64 | 1.0.1 | 409.00 | NOTE | |||
r-oldrel-macos-x86_64 | 1.0.1 | 601.00 | NOTE | |||
r-oldrel-windows-x86_64 | 1.0.1 | 748.00 | 636.00 | 1384.00 | NOTE |
Version: 1.0.1
Check: installed package size
Result: NOTE
installed size is 9.5Mb
sub-directories of 1Mb or more:
libs 7.7Mb
Flavors: r-devel-linux-x86_64-fedora-clang, r-devel-windows-x86_64, r-release-macos-arm64, r-release-windows-x86_64, r-oldrel-macos-arm64, r-oldrel-macos-x86_64, r-oldrel-windows-x86_64
Version: 1.0.1
Check: dependencies in R code
Result: NOTE
Namespaces in Imports field not imported from:
‘RcppParallel’ ‘rstantools’
All declared Imports should be used.
Flavors: r-devel-linux-x86_64-fedora-clang, r-devel-linux-x86_64-fedora-gcc
Version: 1.0.1
Check: for GNU extensions in Makefiles
Result: NOTE
GNU make is a SystemRequirements.
Flavors: r-devel-linux-x86_64-fedora-clang, r-devel-linux-x86_64-fedora-gcc, r-release-macos-arm64, r-oldrel-macos-arm64, r-oldrel-macos-x86_64
Version: 1.0.1
Check: whether package can be installed
Result: ERROR
Installation failed.
Flavors: r-patched-linux-x86_64, r-release-linux-x86_64